--
-- Host: localhost    Database: fluentptm
-- ------------------------------------------------------


--
-- Table structure for table `company`
--

CREATE TABLE `company` (
  `recnum` int(11) NOT NULL AUTO_INCREMENT,
  `id` varchar(100) DEFAULT NULL,
  `name` varchar(100) DEFAULT NULL,
  `type` varchar(100) DEFAULT NULL,
  `phone` varchar(100) DEFAULT NULL,
  `website` varchar(100) DEFAULT NULL,
  `fax` varchar(100) DEFAULT NULL,
  `tsymbol` varchar(100) DEFAULT NULL,
  `email` varchar(100) DEFAULT NULL,
  `employees` varchar(100) DEFAULT NULL,
  `rating` varchar(10) DEFAULT NULL,
  `ownership` varchar(100) DEFAULT NULL,
  `annual_revenue` int(11) DEFAULT NULL,
  `industry` varchar(100) DEFAULT NULL,
  `stccode` varchar(100) DEFAULT NULL,
  `addr1` varchar(255) DEFAULT NULL,
  `addr2` varchar(255) DEFAULT NULL,
  `city` varchar(100) DEFAULT NULL,
  `state` varchar(100) DEFAULT NULL,
  `zipcode` varchar(100) DEFAULT NULL,
  `country` varchar(100) DEFAULT NULL,
  `baddr1` varchar(255) DEFAULT NULL,
  `baddr2` varchar(255) DEFAULT NULL,
  `bcity` varchar(100) DEFAULT NULL,
  `bstate` varchar(100) DEFAULT NULL,
  `bzipcode` varchar(100) DEFAULT NULL,
  `bcountry` varchar(100) DEFAULT NULL,
  `saddr1` varchar(255) DEFAULT NULL,
  `saddr2` varchar(255) DEFAULT NULL,
  `scity` varchar(100) DEFAULT NULL,
  `sstate` varchar(100) DEFAULT NULL,
  `szipcode` varchar(100) DEFAULT NULL,
  `scountry` varchar(100) DEFAULT NULL,
  `l1address` int(11) DEFAULT NULL,
  `l2address` int(11) DEFAULT NULL,
  `company2parent_company` int(11) DEFAULT NULL,
  `status` varchar(10) DEFAULT NULL,
  `create_date` date DEFAULT NULL,
  `last_modified_date` date DEFAULT NULL,
  `guid` varchar(20) DEFAULT NULL,
  `alt_recnum` int(11) DEFAULT NULL,
  `tinnum` varchar(100) DEFAULT NULL,
  `cstnum` varchar(100) DEFAULT NULL,
  PRIMARY KEY (`recnum`)
) ENGINE=InnoDB AUTO_INCREMENT=40 DEFAULT CHARSET=latin1;

--
-- Dumping data for table `company`
--

INSERT INTO `company` VALUES (1,'FSI','Fluent','HOST','','','','','','','','',0,'','','','','','','','','','','','','','','','','','','','',NULL,NULL,NULL,'Active',NULL,NULL,NULL,1,NULL,NULL),(34,'A34','Aero Treatments Pvt Ltd','CUST','','','','','aerotreatment@gmail.com','','','',0,'','','','','','','','','','','','','','','','','','','','',NULL,NULL,NULL,'Active','2018-11-15',NULL,NULL,NULL,NULL,NULL),(35,'E3456','Cimtools Pvt Ltd','CUST','','','','','cimtools@gmail.com','','','',0,'','','','','','','','','','','','','','','','','','','','',NULL,NULL,NULL,'Active','2018-11-16',NULL,NULL,NULL,NULL,NULL),(36,'A36','CIM SEZ','CUST','','','','','cimsez@gmail.com','','','',0,'','','','','','','','','','','','','','','','','','','','',NULL,NULL,NULL,'Active','2018-11-16',NULL,NULL,NULL,NULL,NULL),(39,'A39','CIM','CUST','8745963215','cim.com','','','cim@cim.com','','','',0,'Aerospace','','peenya','','','','','','peenya','','','','','','peenya','','','','','',NULL,NULL,NULL,'Active','2021-09-08',NULL,NULL,NULL,NULL,NULL);

--
-- Table structure for table `contact`
--

CREATE TABLE `contact` (
  `recnum` int(11) NOT NULL AUTO_INCREMENT,
  `contactid` varchar(20) DEFAULT NULL,
  `salutation` varchar(10) DEFAULT NULL,
  `fname` varchar(100) DEFAULT NULL,
  `lname` varchar(100) DEFAULT NULL,
  `role` varchar(30) DEFAULT NULL,
  `title` varchar(30) DEFAULT NULL,
  `phone` varchar(100) DEFAULT NULL,
  `email` varchar(100) DEFAULT NULL,
  `address1` varchar(100) DEFAULT NULL,
  `address2` varchar(100) DEFAULT NULL,
  `city` varchar(100) DEFAULT NULL,
  `state` varchar(100) DEFAULT NULL,
  `zipcode` varchar(30) DEFAULT NULL,
  `country` varchar(100) DEFAULT NULL,
  `contact2company` int(11) DEFAULT NULL,
  `status` varchar(10) DEFAULT NULL,
  `create_date` date DEFAULT NULL,
  `last_modified_date` date DEFAULT NULL,
  `siteid` varchar(45) DEFAULT NULL,
  PRIMARY KEY (`recnum`)
) ENGINE=InnoDB AUTO_INCREMENT=36 DEFAULT CHARSET=latin1;

--
-- Dumping data for table `contact`
--

INSERT INTO `contact` VALUES (2,'C2','Mr.','v','v','SU','','','v@fluentsoft.com','','','','','','',3,'Active','2007-07-31',NULL,'E3456'),(3,'C3','Mr.','john','yyy','SU','','','xxx@fluentsoft.com','','','','','','',2,'Active','2007-08-16',NULL,'E3456'),(4,'C4','Mr.','zzz','zzz','SU','','','zzz@fluentsoft.com','','','','','','',4,'Active','2007-08-16',NULL,'E3456'),(5,'C5','Mr.','cf','ln1','SU','','6456456','fn1@fluentsoft.com','','','','','','',5,'Active','2007-08-17',NULL,'E3456'),(6,'C6','Mr.','ff','ln2','SU','','567568568','fn2@fluentsoft.com','','','','','','',6,'Active','2007-08-17',NULL,'E3456'),(7,'C7','Mr.','mac','mac','SU','','','mac@cimtoolsindia.com','','','','','','',25,'Active','2007-08-22',NULL,'A25'),(8,'C8','Mr.','GR','GR','RU','','','gr@cimtoolsindia.com','','','','','','USA',7,'Active','2007-08-31',NULL,'E3456'),(9,'C9','Mr.','John','Doe','RU','','','jdoe@fluentsoft.com','','','','','','',5,'Active','2007-09-28',NULL,'E3456'),(10,'C10','Mr.','vendor','vendor','SU','','','vendor@fluentsoft.com','','','','','','',8,'Active','2007-10-11',NULL,'E3456'),(11,'C11','Mr.','Will','Clare','SU','','','wclare@apollometals.com','','','','','','',10,'Active','2007-10-17',NULL,'E3456'),(12,'C12','Mr.','AMI','AMI','SU','','','ami@cimtoolsindia.com','','','','','','',150,'Active','2007-10-18',NULL,'E3456'),(13,'C13','Mr.','Emma','Marshall','SU','','','emmamarshall@allmetal.co.uk','','','','','','',11,'Active','2007-10-19',NULL,'E3456'),(14,'C14','Mr.','John','Doe','RU','','','jdoe@magb.com','','','','','','',12,'Active','2007-12-28',NULL,'E3456'),(15,'C15','Ms.','Sabrina','Chen','RU','Purchasing','001 718 699 4000 x369','sabrina.chen@magellan.aero','97-11, 50th Avenue','','Corona','Newyork','11368','United States of America',17,'Active','2008-01-18',NULL,'E3456'),(16,'C16','Mr.','Baburajab B','Rema','RU','Sourcing Program Management','','baburaj.br@tcs.com','','','','','','',19,'Active','2008-05-20',NULL,'E3456'),(17,'C17','Mr.','Mark','Whitemoss','RU','Manufacturing Engineer','0044 1282 416466','mwhitemoss@gardner-aerospace.com','','','','','','',19,'Active','2008-05-20',NULL,'E3456'),(18,'C18','Mr.','Srinivasa','Rao','SU','','','cf@fluentsoft.com','','','','','','',39,'Active','2008-06-29',NULL,'E3456'),(19,'C19','Mr.','Sudhakar','Mktg','SU','','','gl@fluentsoft.com','','','','','','',40,'Active','2008-06-29',NULL,'E3456'),(20,'C20','Mr.','B','Nicholls','SU','','','bn@fluentsoft.com','','','','','','',45,'Active',NULL,NULL,'E3456'),(21,'C21','Mr.','Eric','Ligaufey','SU','','','eligaufey@cimtoolsindia.com','','','','','','',105,'Active','2008-10-30',NULL,'E3456'),(22,'C22','Mr.','Simon','Malone','SU','','','smalone@cimtoolsindia.com','','','','','','',40,'Active','2008-10-30',NULL,'E3456'),(24,'C24','Mr.','Naveen','N','SU','','','neveen@fluentsoft.com','','','','','','',40,'Active','2008-11-12',NULL,'E3456'),(25,'C25','Ms.','Kate','Williams','RU','','','kate@aquariusplastics.co.uk','Eydon House','13 Midleton Industrial Estate','GUILDFORD','Surrey','GU2 8XW','United Kingdom',60,'Active','2009-07-02',NULL,'E3456'),(26,'C26','Mr.','wilsons','wilsons','SU','','','wilsons2ft.com','','','','','','',131,'Active','2016-03-04',NULL,'E3456'),(27,'C27','','shweta','S','','','5234678432','shweta@gmail.com','Basaweshwar Nagar','','BANGLORE','KARNATAK','','India',0,'','2018-07-26',NULL,'E3456'),(28,'C28','','fdszfre','','','','','fvszer@vfg.com','','','','KARNATAK','','India',0,'','2018-07-26',NULL,'E3456'),(29,'C29','','jahnvi1','','','','','jahnv1i@gmail.com','Rajaji nagar','','BANGLORE','KARNATAK','','India',0,'','2018-07-26',NULL,'E3456'),(30,'C30','','jnfctg','','','','','hgdcrt@gvf.com','gaererf','','BANGLORE','KARNATAK','','India',0,'','2018-07-26',NULL,'E3456'),(31,'C31','','deepa','k','','','43253465768','deepak@gmail.com','','','','','','',0,'','2018-07-26',NULL,'E3456'),(32,'C32','Ms.','deepa','k','RU','','5467894321','deepa@gmail.com','','','BANGLORE','KARNATAK','','India',25,'Active','2018-07-26',NULL,'E3456'),(33,'C33','Mr.','Prakash','R','RU','','8877665544','prakash@fluentsoft.com','Basavanagudi','','Banglore','Karnatak','','India',30,'Active','2018-07-30',NULL,'E3456'),(34,'C34','Ms.','Shantala','S','RU','','8795432444','shantala@fs.com','Basaweshwar Nagar','','Banglore','Karnatak','','India',25,'Active','2018-07-30',NULL,'E3456'),(35,'C35','Mr.','Yeshwanth','y','RU','','','y@gmail.com','','','','','','',39,'Active','2021-09-08',NULL,'FSI');

--
-- Table structure for table `contract`
--

CREATE TABLE `contract` (
  `recnum` int(11) NOT NULL AUTO_INCREMENT,
  `name` varchar(50) DEFAULT NULL,
  `id` varchar(50) DEFAULT NULL,
  `status` varchar(50) DEFAULT NULL,
  `start_date` date DEFAULT NULL,
  `end_date` date DEFAULT NULL,
  `created_by` varchar(50) DEFAULT NULL,
  `created_date` date DEFAULT NULL,
  `modified_by` varchar(50) DEFAULT NULL,
  `modified_date` date DEFAULT NULL,
  `approved` varchar(20) DEFAULT NULL,
  `approved_by` varchar(50) DEFAULT NULL,
  `approved_date` date DEFAULT NULL,
  KEY `recnum` (`recnum`)
) ENGINE=InnoDB AUTO_INCREMENT=2 DEFAULT CHARSET=latin1;

--
-- Dumping data for table `contract`
--

INSERT INTO `contract` VALUES (1,'karthick rmk','CR1','Open','2018-01-17','2018-06-30','sa','2017-10-23','sa','2017-10-24','yes','sa','2017-10-24');

--
-- Table structure for table `customer_notes`
--

CREATE TABLE `customer_notes` (
  `recnum` int(11) NOT NULL AUTO_INCREMENT,
  `cust_notes` text,
  `create_date` date DEFAULT NULL,
  `note2project` int(11) DEFAULT NULL,
  `note2task` int(11) DEFAULT NULL,
  `note2user` int(11) DEFAULT NULL,
  PRIMARY KEY (`recnum`)
) ENGINE=InnoDB AUTO_INCREMENT=935 DEFAULT CHARSET=latin1;

--
-- Dumping data for table `customer_notes`
--

INSERT INTO `customer_notes` VALUES (127,'','2018-11-19',39,24,34),(128,'','2018-11-22',40,25,36),(129,'','2018-12-06',41,26,36),(130,'','2018-12-06',41,27,36),(131,'','2018-12-07',41,28,36),(132,'','2018-12-11',41,29,36),(133,'','2018-12-11',41,30,36),(134,'','2018-12-11',42,31,39),(135,'','2018-12-17',41,32,36),(136,'','2018-12-18',44,33,47),(137,'','2018-12-18',45,34,46),(138,'Verified Thank you.','2018-12-18',45,34,46),(139,'','2018-12-20',39,35,34),(140,'','2018-12-20',46,36,46),(141,'Verified thank you','2018-12-20',46,36,46),(142,'','2018-12-21',41,37,36),(143,'','2018-12-21',47,38,29),(144,'','2018-12-21',48,39,41),(145,'','2018-12-21',48,40,41),(146,'','2018-12-21',47,41,35),(147,'','2018-12-24',49,42,39),(148,'','2018-12-26',41,43,36),(149,'','2018-12-26',47,44,35),(150,'','2018-12-26',47,45,35),(151,'','2018-12-31',51,46,29),(152,'','2019-01-02',50,47,50),(153,'','2019-01-02',39,48,34),(154,'','2019-01-03',52,49,51),(155,'','2019-01-03',41,50,36),(156,'','2019-01-03',56,51,29),(157,'','2019-01-03',41,52,36),(158,'','2019-01-04',41,53,36),(159,'','2019-01-04',56,54,29),(160,'','2019-01-04',41,55,36),(161,'','2019-01-05',41,56,36),(162,'','2019-01-05',50,57,50),(163,'','2019-01-07',41,58,36),(164,'','2019-01-07',41,59,36),(165,'','2019-01-07',52,60,51),(166,'','2019-01-07',39,61,34),(167,'','2019-01-10',41,62,36),(168,'','2019-01-11',41,63,36),(169,'','2019-01-11',41,64,36),(170,'','2019-01-12',39,65,34),(171,'','2019-01-12',41,66,36),(172,'','2019-01-13',39,67,34),(173,'','2019-01-14',41,68,36),(174,'','2019-01-14',58,69,39),(175,'','2019-01-14',58,70,39),(176,'','2019-01-16',41,71,36),(177,'','2019-01-16',41,72,36),(178,'','2019-01-17',59,73,47),(179,'','2019-01-17',59,74,47),(180,'','2019-01-17',59,75,47),(181,'','2019-01-17',41,76,36),(182,'','2019-01-17',52,77,51),(183,'','2019-01-17',41,78,36),(184,'','2019-01-18',60,79,39),(185,'','2019-01-18',50,80,50),(186,'','2019-01-19',53,81,51),(187,'','2019-01-21',57,82,39),(188,'','2019-01-21',41,83,36),(189,'','2019-01-21',54,84,51),(190,'','2019-01-21',41,85,36),(191,'','2019-01-21',61,86,47),(192,'','2019-01-22',47,87,35),(193,'','2019-01-22',41,88,36),(194,'','2019-01-23',41,89,36),(195,'','2019-01-23',41,90,36),(196,'','2019-01-24',41,91,36),(197,'','2019-01-24',62,92,47),(198,'','2019-01-24',41,93,36),(199,'','2019-01-24',41,94,36),(200,'','2019-01-24',41,95,36),(201,'','2019-01-24',47,96,35),(202,'','2019-01-24',41,97,36),(203,'','2019-01-25',48,98,41),(204,'','2019-01-25',41,99,36),(205,'','2019-01-25',52,100,51),(206,'','2019-01-25',53,101,51),(207,'','2019-01-25',63,102,46),(208,'','2019-01-28',41,103,36),(209,'','2019-01-28',52,104,51),(210,'','2019-01-28',52,105,51),(211,'','2019-01-28',41,106,36),(212,'','2019-01-28',52,107,51),(213,'','2019-01-29',41,108,36),(214,'','2019-01-30',64,109,47),(215,'','2019-01-30',41,110,36),(216,'','2019-01-30',64,111,47),(217,'','2019-01-30',41,112,36),(218,'','2019-01-31',41,113,36),(219,'','2019-01-31',52,114,51),(220,'','2019-02-01',59,115,29),(221,'','2019-02-02',41,116,36),(222,'','2019-02-02',65,117,47),(223,'','2019-02-04',66,118,39),(224,'','2019-02-04',67,119,39),(225,'','2019-02-04',41,120,36),(226,'','2019-02-04',48,121,41),(227,'','2019-02-04',48,122,41),(228,'','2019-02-04',52,123,51),(229,'','2019-02-04',41,124,36),(230,'','2019-02-04',50,125,50),(231,'','2019-02-04',50,126,50),(232,'','2019-02-04',41,127,36),(233,'','2019-02-05',68,128,47),(234,'','2019-02-05',52,129,51),(235,'','2019-02-05',48,130,41),(236,'','2019-02-05',39,131,34),(237,'','2019-02-05',48,132,41),(238,'','2019-02-06',41,133,36),(239,'','2019-02-06',52,134,51),(240,'','2019-02-06',66,135,39),(241,'','2019-02-06',47,136,35),(242,'','2019-02-06',41,137,36),(243,'','2019-02-07',66,138,39),(244,'','2019-02-07',39,139,34),(245,'','2019-02-07',41,140,36),(246,'','2019-02-08',70,141,47),(247,'','2019-02-08',39,142,34),(248,'','2019-02-08',52,143,51),(249,'','2019-02-08',52,144,51),(250,'','2019-02-08',52,145,51),(251,'','2019-02-09',48,146,41),(252,'','2019-02-11',41,147,36),(253,'','2019-02-11',41,148,36),(254,'','2019-02-11',58,149,39),(255,'','2019-02-11',42,150,39),(256,'','2019-02-11',71,151,39),(257,'','2019-02-11',72,152,39),(258,'','2019-02-11',58,153,39),(259,'','2019-02-11',72,154,39),(260,'','2019-02-12',41,155,36),(261,'','2019-02-12',48,156,41),(262,'','2019-02-12',52,157,51),(263,'','2019-02-13',58,158,39),(264,'','2019-02-13',41,159,36),(265,'','2019-02-13',41,160,36),(266,'','2019-02-13',48,161,41),(267,'','2019-02-14',73,162,47),(268,'','2019-02-14',54,163,51),(269,'','2019-02-14',52,164,51),(270,'','2019-02-15',41,165,36),(271,'','2019-02-15',46,166,46),(272,'','2019-02-15',52,167,51),(273,'','2019-02-15',48,168,41),(274,'','2019-02-15',48,169,41),(275,'','2019-02-18',52,170,51),(276,'','2019-02-19',66,171,39),(277,'','2019-02-19',74,172,39),(278,'','2019-02-19',75,173,47),(279,'','2019-02-20',52,174,51),(280,'','2019-02-20',76,175,47),(281,'','2019-02-20',77,176,52),(282,'','2019-02-21',77,177,52),(283,'','2019-02-21',78,178,29),(284,'','2019-02-21',79,179,47),(285,'','2019-02-22',80,180,47),(286,'','2019-02-22',80,181,47),(287,'','2019-02-22',48,182,41),(288,'','2019-02-25',52,183,51),(289,'','2019-02-25',82,184,39),(290,'','2019-02-25',57,185,39),(291,'','2019-02-25',83,186,39),(292,'','2019-02-25',51,187,39),(293,'','2019-02-25',48,188,41),(294,'','2019-02-25',41,189,36),(295,'','2019-02-25',81,190,47),(296,'','2019-02-25',48,191,41),(297,'','2019-02-25',48,192,41),(298,'','2019-02-25',48,193,41),(299,'','2019-02-26',52,194,51),(300,'','2019-02-26',51,195,39),(301,'','2019-02-26',41,196,36),(302,'','2019-02-26',41,197,36),(303,'','2019-02-26',41,198,36),(304,'','2019-02-26',52,199,51),(305,'','2019-02-27',41,200,36),(306,'','2019-02-27',63,201,46),(307,'Had missed one more line, 46-014A, Sch date : 28th Feb 2019','2019-02-27',63,201,46),(308,'','2019-02-27',82,202,39),(309,'','2019-02-27',81,203,47),(310,'','2019-02-27',81,204,47),(311,'','2019-02-28',41,205,36),(312,'','2019-02-28',39,206,34),(313,'','2019-03-04',77,207,52),(314,'','2019-03-04',84,208,47),(315,'','2019-03-05',41,209,36),(316,'','2019-03-05',66,210,39),(317,'','2019-03-05',85,211,47),(318,'','2019-03-05',53,212,51),(319,'','2019-03-05',41,213,36),(320,'','2019-03-05',41,214,36),(321,'','2019-03-05',41,215,36),(322,'','2019-03-05',52,216,51),(323,'','2019-03-06',66,217,39),(324,'','2019-03-06',52,218,51),(325,'','2019-03-06',52,219,51),(326,'','2019-03-06',66,220,39),(327,'','2019-03-07',66,221,39),(328,'','2019-03-07',41,222,36),(329,'','2019-03-07',51,223,39),(330,'','2019-03-07',86,224,29),(331,'','2019-03-07',50,225,50),(332,'','2019-03-07',41,226,36),(333,'','2019-03-07',52,227,51),(334,'','2019-03-08',66,228,39),(335,'','2019-03-08',54,229,51),(336,'','2019-03-08',41,230,36),(337,'','2019-03-08',51,231,39),(338,'','2019-03-08',77,232,52),(339,'Allow raising WO for 35-162','2019-03-08',77,232,52),(340,'','2019-03-08',67,233,39),(341,'','2019-03-11',66,234,39),(342,'','2019-03-11',87,235,47),(343,'','2019-03-11',58,236,39),(344,'','2019-03-12',88,237,47),(345,'','2019-03-12',50,238,50),(346,'','2019-03-12',57,239,39),(347,'','2019-03-12',41,240,36),(348,'','2019-03-12',52,241,51),(349,'','2019-03-12',51,242,39),(350,'','2019-03-12',89,243,29),(351,'','2019-03-12',52,244,51),(352,'','2019-03-13',67,245,39),(353,'','2019-03-13',41,246,36),(354,'','2019-03-13',46,247,46),(355,'','2019-03-13',41,248,36),(356,'','2019-03-13',52,249,51),(357,'','2019-03-14',41,250,36),(358,'','2019-03-14',39,251,34),(359,'','2019-03-14',39,252,34),(360,'','2019-03-14',52,253,51),(361,'','2019-03-14',50,254,50),(362,'','2019-03-15',39,255,34),(363,'','2019-03-15',39,256,34),(364,'','2019-03-15',90,257,47),(365,'','2019-03-15',46,258,46),(366,'','2019-03-16',91,259,47),(367,'','2019-03-18',39,260,34),(368,'','2019-03-18',77,261,52),(369,'','2019-03-18',41,262,36),(370,'','2019-03-19',39,263,34),(371,'','2019-03-19',92,264,47),(372,'','2019-03-19',41,265,36),(373,'','2019-03-20',93,266,47),(374,'','2019-03-20',94,267,47),(375,'','2019-03-20',94,268,47),(376,'','2019-03-20',94,269,47),(377,'','2019-03-20',94,270,47),(378,'','2019-03-20',41,271,36),(379,'','2019-03-20',39,272,34),(380,'','2019-03-20',41,273,36),(381,'','2019-03-20',53,274,51),(382,'','2019-03-20',41,275,36),(383,'','2019-03-21',52,276,51),(384,'','2019-03-21',95,277,47),(385,'','2019-03-21',52,278,51),(386,'','2019-03-22',41,279,36),(387,'','2019-03-22',52,280,51),(388,'','2019-03-22',52,281,51),(389,'','2019-03-25',45,282,46),(390,'','2019-03-25',41,283,36),(391,'','2019-03-26',41,284,36),(392,'18-392B decrease from 360 to 350 nos(Mar-4th-19)\r\nFor 18-391B-mar-4th-19 and 18-382B-Mar-25th-19. ','2019-03-26',41,284,36),(393,'','2019-03-26',96,285,47),(394,'','2019-03-27',41,286,36),(395,'','2019-03-27',97,287,47),(396,'','2019-03-28',98,288,47),(397,'','2019-03-28',41,289,36),(398,'','2019-03-29',41,290,36),(399,'','2019-03-29',54,291,51),(400,'','2019-03-29',48,292,41),(401,'','2019-04-01',98,293,47),(402,'','2019-04-02',98,294,47),(403,'','2019-04-02',98,295,47),(404,'','2019-04-02',98,296,47),(405,'','2019-04-02',46,297,46),(406,'','2019-04-02',41,298,36),(407,'','2019-04-03',98,299,47),(408,'','2019-04-03',98,300,47),(409,'','2019-04-03',98,301,47),(410,'','2019-04-03',41,302,36),(411,'','2019-04-04',41,303,36),(412,'','2019-04-04',39,304,34),(413,'','2019-04-04',98,305,47),(414,'','2019-04-04',98,306,47),(415,'','2019-04-04',52,307,51),(416,'','2019-04-04',41,308,36),(417,'','2019-04-05',41,309,36),(418,'','2019-04-05',50,310,50),(419,'','2019-04-05',98,311,47),(420,'','2019-04-05',52,312,51),(421,'','2019-04-05',41,313,36),(422,'','2019-04-05',50,314,50),(423,'','2019-04-08',98,315,47),(424,'','2019-04-08',47,316,35),(425,'','2019-04-08',98,317,47),(426,'','2019-04-08',41,318,36),(427,'','2019-04-09',50,319,50),(428,'','2019-04-09',41,320,36),(429,'Also provide the second print option for all site ID changed WOs','2019-04-09',41,320,36),(430,'','2019-04-09',50,321,50),(431,'','2019-04-09',41,322,36),(432,'','2019-04-09',41,323,36),(433,'','2019-04-10',52,324,51),(434,'','2019-04-10',39,325,34),(435,'','2019-04-11',41,326,36),(436,'Please a change the PO number in COC \r\nC77644-PO num-435253 line num-8. ','2019-04-11',41,326,36),(437,'','2019-04-11',63,327,46),(438,'','2019-04-11',41,328,36),(439,'','2019-04-12',98,329,47),(440,'','2019-04-15',41,330,36),(441,'','2019-04-16',41,331,36),(442,'','2019-04-16',39,332,34),(443,'','2019-04-16',41,333,36),(444,'','2019-04-16',98,334,47),(445,'','2019-04-17',63,335,46),(446,'','2019-04-17',98,336,47),(447,'','2019-04-17',98,337,47),(448,'','2019-04-17',52,338,51),(449,'','2019-04-19',41,339,36),(450,'','2019-04-19',41,340,36),(451,'','2019-04-19',41,341,36),(452,'','2019-04-22',98,342,47),(453,'','2019-04-22',41,343,36),(454,'','2019-04-23',41,344,36),(455,'','2019-04-24',63,345,46),(456,'','2019-04-25',41,346,36),(457,'','2019-04-25',63,347,46),(458,'','2019-04-25',41,348,36),(459,'','2019-04-25',98,349,47),(460,'','2019-04-25',41,350,36),(461,'','2019-04-26',98,351,47),(462,'','2019-04-26',98,352,47),(463,'','2019-04-26',41,353,36),(464,'','2019-04-29',52,354,51),(465,'','2019-04-29',53,355,51),(466,'','2019-04-29',52,356,51),(467,'','2019-04-30',41,357,36),(468,'','2019-04-30',53,358,51),(469,'','2019-04-30',41,359,36),(470,'','2019-05-02',41,360,36),(471,'','2019-05-03',63,361,46),(472,'','2019-05-03',41,362,36),(473,'','2019-05-06',41,363,36),(474,'','2019-05-07',98,364,47),(475,'','2019-05-07',52,365,51),(476,'','2019-05-07',98,366,47),(477,'','2019-05-08',41,367,36),(478,'','2019-05-09',98,368,47),(479,'','2019-05-09',98,369,47),(480,'','2019-05-09',52,370,51),(481,'','2019-05-10',41,371,36),(482,'','2019-05-10',98,372,47),(483,'','2019-05-10',98,373,47),(484,'','2019-05-10',98,374,47),(485,'','2019-05-13',39,375,34),(486,'','2019-05-13',41,376,36),(487,'','2019-05-14',46,377,46),(488,'','2019-05-14',41,378,36),(489,'','2019-05-15',98,379,47),(490,'','2019-05-15',98,380,47),(491,'','2019-05-15',41,381,36),(492,'','2019-05-16',41,382,36),(493,'','2019-05-17',41,383,36),(494,'','2019-05-17',41,384,36),(495,'','2019-05-20',41,385,36),(496,'','2019-05-21',52,386,51),(497,'','2019-05-21',52,387,51),(498,'','2019-05-21',41,388,36),(499,'Please change the schedule qty 18-387B from 85 to 190nos (Jun-24th)','2019-05-21',41,388,36),(500,'','2019-05-22',41,389,36),(501,'','2019-05-24',41,390,36),(502,'','2019-05-24',52,391,51),(503,'','2019-05-24',41,392,36),(504,'','2019-05-24',53,393,51),(505,'','2019-05-24',41,394,36),(506,'Please Cancel the COC C79289','2019-05-24',41,394,36),(507,'Please cancel the WOs 93075,93076,93077','2019-05-24',41,394,36),(508,'','2019-05-24',41,395,36),(509,'','2019-05-27',41,396,36),(510,'','2019-05-28',98,397,47),(511,'','2019-05-29',41,398,36),(512,'18-412A- Open Work Order With Rework Qty older than 60 Days\r\nallow us to raise a WO','2019-05-29',41,398,36),(513,'','2019-05-29',52,399,51),(514,'','2019-05-30',41,400,36),(515,'','2019-05-30',98,401,47),(516,'','2019-05-30',52,402,51),(517,'','2019-05-31',39,403,34),(518,'','2019-05-31',39,404,34),(519,'','2019-05-31',52,405,51),(520,'','2019-05-31',53,406,51),(521,'','2019-05-31',53,407,51),(522,'','2019-06-01',53,408,51),(523,'','2019-06-01',39,409,34),(524,'','2019-06-01',98,410,47),(525,'','2019-06-01',98,411,47),(526,'','2019-06-03',53,412,51),(527,'','2019-06-03',53,413,51),(528,'','2019-06-03',41,414,36),(529,'Amend the Schedule Qty from 130 to 148 for the CRN 18-391B of Jun-3 Schedule','2019-06-03',41,414,36),(530,'','2019-06-03',41,415,36),(531,'','2019-06-04',41,416,36),(532,'','2019-06-04',41,417,36),(533,'','2019-06-04',98,418,47),(534,'','2019-06-05',52,419,51),(535,'','2019-06-05',52,420,51),(536,'','2019-06-05',41,421,36),(537,'','2019-06-05',69,422,34),(538,'','2019-06-05',39,423,34),(539,'','2019-06-05',39,424,34),(540,'','2019-06-05',52,425,51),(541,'','2019-06-05',52,426,51),(542,'','2019-06-06',98,427,47),(543,'','2019-06-06',41,428,36),(544,'','2019-06-06',98,429,47),(545,'','2019-06-06',39,430,34),(546,'','2019-06-06',39,431,34),(547,'','2019-06-06',39,432,34),(548,'','2019-06-06',41,433,36),(549,'','2019-06-06',39,434,34),(550,'','2019-06-06',53,435,51),(551,'','2019-06-07',39,436,34),(552,'','2019-06-07',41,437,36),(553,'','2019-06-07',52,438,51),(554,'Please change the WO site from SEZ to Peenya also provide the second print option \r\n18-075A-89387','2019-06-07',41,437,36),(555,'','2019-06-07',52,439,51),(556,'','2019-06-07',52,440,51),(557,'','2019-06-07',63,441,46),(558,'','2019-06-07',52,442,51),(559,'','2019-06-07',98,443,47),(560,'','2019-06-07',52,444,51),(561,'','2019-06-07',98,445,47),(562,'','2019-06-07',41,446,36),(563,'','2019-06-08',41,447,36),(564,'','2019-06-10',98,448,47),(565,'Please amend the sch qty for below\r\n18-377B From 1287 to 1475 nos(24th-Jun)\r\n18-376B From 4831 to 5325 nos (10th-Jun)','2019-06-10',41,447,36),(566,'','2019-06-10',41,449,36),(567,'','2019-06-10',98,450,47),(568,'','2019-06-10',98,451,47),(569,'','2019-06-10',41,452,36),(570,'','2019-06-11',98,453,47),(571,'','2019-06-11',52,454,51),(572,'','2019-06-12',41,455,36),(573,'','2019-06-12',53,456,51),(574,'','2019-06-12',53,457,51),(575,'','2019-06-12',53,458,51),(576,'','2019-06-12',48,459,41),(577,'','2019-06-13',51,460,39),(578,'','2019-06-13',56,461,39),(579,'','2019-06-13',98,462,47),(580,'','2019-06-13',66,463,39),(581,'','2019-06-14',39,464,34),(582,'','2019-06-14',39,465,34),(583,'','2019-06-17',39,466,34),(584,'','2019-06-18',41,467,36),(585,'','2019-06-18',41,468,36),(586,'','2019-06-18',41,469,36),(587,'','2019-06-18',41,470,36),(588,'','2019-06-19',41,471,36),(589,'','2019-06-20',41,472,36),(590,'','2019-06-20',41,473,36),(591,'','2019-06-20',39,474,34),(592,'','2019-06-20',39,475,34),(593,'','2019-06-20',41,476,36),(594,'','2019-06-20',39,477,34),(595,'','2019-06-20',39,478,34),(596,'','2019-06-21',98,479,47),(597,'','2019-06-21',39,480,34),(598,'','2019-06-21',98,481,47),(599,'','2019-06-21',39,482,34),(600,'','2019-06-21',39,483,34),(601,'','2019-06-24',41,484,36),(602,'','2019-06-24',41,485,36),(603,'','2019-06-24',53,486,51),(604,'','2019-06-25',41,487,36),(605,'','2019-06-25',98,488,47),(606,'','2019-06-25',41,489,36),(607,'','2019-06-26',41,490,36),(608,'','2019-06-27',98,491,47),(609,'','2019-06-27',98,492,47),(610,'','2019-06-27',52,493,51),(611,'','2019-06-27',39,494,34),(612,'','2019-06-27',98,495,47),(613,'','2019-06-27',98,496,47),(614,'','2019-06-28',41,497,36),(615,'','2019-06-29',41,498,36),(616,'Please amend for below also\r\n18-029A,From 1500 to 1350 nos(Jul-1)\r\n18-091A,From 500 to 520 nos9Jul-1)\r\n18-032A, From 3000 to 2500 nos(Jul-1)','2019-06-29',41,498,36),(617,'','2019-07-01',39,499,34),(618,'','2019-07-01',52,500,51),(619,'','2019-07-02',39,501,34),(620,'','2019-07-02',39,502,34),(621,'','2019-07-02',98,503,47),(622,'','2019-07-03',41,504,36),(623,'','2019-07-03',98,505,47),(624,'','2019-07-03',41,506,36),(625,'','2019-07-03',52,507,51),(626,'','2019-07-04',98,508,47),(627,'','2019-07-04',41,509,36),(628,'','2019-07-04',41,510,36),(629,'Amend the Sch qty for the CRN 18-356A from 4 to 6 nos(12-Aug)','2019-07-05',41,509,36),(630,'','2019-07-05',41,511,36),(631,'Please amend the Sch disp Qty for \r\n18-093A from 80 to 40 nos(8-July).','2019-07-08',41,511,36),(632,'','2019-07-09',39,512,34),(633,'','2019-07-10',52,513,51),(634,'','2019-07-10',39,514,34),(635,'','2019-07-10',52,515,51),(636,'','2019-07-11',41,516,36),(637,'','2019-07-11',98,517,47),(638,'','2019-07-11',41,518,36),(639,'','2019-07-11',98,519,47),(640,'','2019-07-11',41,520,36),(641,'','2019-07-11',39,521,34),(642,'','2019-07-11',98,522,47),(643,'','2019-07-12',53,523,51),(644,'','2019-07-12',52,524,51),(645,'','2019-07-12',41,525,36),(646,'','2019-07-12',98,526,47),(647,'','2019-07-15',52,527,51),(648,'','2019-07-15',52,528,51),(649,'','2019-07-15',52,529,51),(650,'','2019-07-15',41,530,36),(651,'','2019-07-15',41,531,36),(652,'','2019-07-16',41,532,36),(653,'','2019-07-16',41,533,36),(654,'','2019-07-17',41,534,36),(655,'','2019-07-17',52,535,51),(656,'','2019-07-17',41,536,36),(657,'','2019-07-17',41,537,36),(658,'','2019-07-18',99,538,47),(659,'','2019-07-18',41,539,36),(660,'','2019-07-18',99,540,47),(661,'','2019-07-19',52,541,51),(662,'','2019-07-19',52,542,51),(663,'','2019-07-22',99,543,47),(664,'','2019-07-22',41,544,36),(665,'','2019-07-22',41,545,36),(666,'','2019-07-22',39,546,34),(667,'','2019-07-23',41,547,36),(668,'','2019-07-23',39,548,34),(669,'','2019-07-23',39,549,34),(670,'','2019-07-23',41,550,36),(671,'','2019-07-24',39,551,34),(672,'','2019-07-24',41,552,36),(673,'','2019-07-24',41,553,36),(674,'','2019-07-25',99,554,47),(675,'','2019-07-25',99,555,47),(676,'','2019-07-26',53,556,51),(677,'','2019-07-26',100,557,54),(678,'','2019-07-29',41,558,36),(679,'','2019-07-30',41,559,36),(680,'','2019-07-30',52,560,51),(681,'','2019-07-30',52,561,51),(682,'','2019-07-31',41,562,36),(683,'','2019-08-01',52,563,51),(684,'','2019-08-02',53,564,51),(685,'','2019-08-02',101,565,46),(686,'','2019-08-02',53,566,51),(687,'','2019-08-05',53,567,51),(688,'','2019-08-05',41,568,36),(689,'','2019-08-06',41,569,36),(690,'','2019-08-06',53,570,51),(691,'','2019-08-06',53,571,51),(692,'','2019-08-07',99,572,47),(693,'','2019-08-07',41,573,36),(694,'Also Cancel the C82026 COC.','2019-08-07',41,573,36),(695,'','2019-08-07',41,574,36),(696,'','2019-08-08',41,575,36),(697,'','2019-08-09',41,576,36),(698,'','2019-08-13',41,577,36),(699,'','2019-08-13',100,578,54),(700,'kindly do same for 55A-041 ','2019-08-13',100,578,54),(701,'','2019-08-16',102,579,50),(702,'','2019-08-20',99,580,47),(703,'','2019-08-21',101,581,46),(704,'','2019-08-21',99,582,47),(705,'','2019-08-21',101,583,46),(706,'','2019-08-21',53,584,51),(707,'','2019-08-21',53,585,51),(708,'','2019-08-21',53,586,51),(709,'','2019-08-21',53,587,51),(710,'','2019-08-21',41,588,36),(711,'','2019-08-22',53,589,51),(712,'','2019-08-22',53,81,51),(713,'','2019-08-26',41,590,36),(714,'','2019-08-27',100,591,54),(715,'','2019-08-27',41,592,36),(716,'Also provide the second print option ','2019-08-27',41,592,36),(717,'Sorry for the inconvenience 94575 need to be change the WO site into Peenya. ','2019-08-27',41,592,36),(718,'','2019-08-28',41,593,36),(719,'','2019-08-30',41,594,36),(720,'','2019-09-03',99,595,47),(721,'','2019-09-04',100,596,54),(722,'','2019-09-04',53,597,51),(723,'','2019-09-04',101,598,46),(724,'','2019-09-05',99,599,47),(725,'','2019-09-06',41,600,36),(726,'','2019-09-06',47,601,35),(727,'','2019-09-09',41,602,36),(728,'','2019-09-10',41,603,36),(729,'','2019-09-11',53,604,51),(730,'','2019-09-11',53,605,51),(731,'','2019-09-12',53,606,51),(732,'','2019-09-13',101,607,46),(733,'','2019-09-17',41,608,36),(734,'','2019-09-18',99,609,47),(735,'','2019-09-18',53,610,51),(736,'','2019-09-19',41,611,36),(737,'','2019-09-19',100,612,54),(738,'','2019-09-19',99,613,47),(739,'','2019-09-23',99,614,47),(740,'','2019-09-23',53,615,51),(741,'','2019-09-24',101,616,46),(742,'','2019-09-24',101,617,46),(743,'','2019-09-27',99,618,47),(744,'','2019-09-27',41,619,36),(745,'','2019-09-27',53,620,51),(746,'Please cancel the COC#-C84207','2019-09-27',41,619,36),(747,'','2019-09-27',53,621,51),(748,'','2019-09-30',100,622,54),(749,'','2019-10-01',41,623,36),(750,'More than 60 days for 18-666A kindly allow us to raise a WO.\r\nPlease change the WO site from peenya to SEZ also remove the WOs number in Supp DC 98432 and 98442','2019-10-01',41,623,36),(751,'','2019-10-01',53,624,51),(752,'','2019-10-09',101,625,46),(753,'','2019-10-09',41,626,36),(754,'','2019-10-09',101,627,46),(755,'','2019-10-11',53,628,51),(756,'','2019-10-11',99,629,47),(757,'','2019-10-11',100,630,54),(758,'','2019-10-15',53,631,51),(759,'','2019-10-15',100,632,54),(760,'','2019-10-16',41,633,36),(761,'','2019-10-16',53,634,51),(762,'','2019-10-17',53,635,51),(763,'','2019-10-17',41,636,36),(764,'','2019-10-19',53,637,51),(765,'','2019-10-21',53,638,51),(766,'','2019-10-22',99,639,47),(767,'','2019-10-23',41,640,36),(768,'','2019-10-24',53,641,51),(769,'','2019-10-25',99,642,47),(770,'','2019-10-25',99,643,47),(771,'','2019-10-30',41,644,36),(772,'','2019-10-31',99,645,47),(773,'','2019-10-31',99,646,47),(774,'','2019-10-31',99,647,47),(775,'','2019-11-06',53,648,51),(776,'','2019-11-07',41,649,36),(777,'','2019-11-08',99,650,47),(778,'','2019-11-11',99,651,47),(779,'','2019-11-12',53,652,51),(780,'','2019-11-14',99,653,47),(781,'','2019-11-15',53,654,51),(782,'','2019-11-16',53,655,51),(783,'','2019-11-20',100,656,54),(784,'','2019-11-20',53,657,51),(785,'','2019-11-21',41,658,36),(786,'','2019-11-21',41,659,36),(787,'Please open the DN status.','2019-11-21',41,659,36),(788,'','2019-11-25',99,660,47),(789,'','2019-11-25',53,661,51),(790,'','2019-11-27',101,662,46),(791,'','2019-12-02',99,663,47),(792,'','2019-12-02',99,664,47),(793,'','2019-12-03',101,665,46),(794,'','2019-12-03',53,666,51),(795,'','2019-12-04',41,667,36),(796,'','2019-12-04',99,668,47),(797,'','2019-12-06',41,669,36),(798,'','2019-12-10',41,670,36),(799,'','2019-12-16',53,671,51),(800,'','2019-12-17',99,672,47),(801,'','2019-12-17',99,673,47),(802,'','2019-12-20',41,674,36),(803,'','2019-12-26',100,675,54),(804,'','2019-12-27',53,676,51),(805,'','2019-12-31',99,677,47),(806,'','2019-12-31',99,678,47),(807,'','2020-01-01',53,679,51),(808,'','2020-01-01',41,680,36),(809,'','2020-01-01',99,681,47),(810,'','2020-01-02',99,682,47),(811,'','2020-01-03',99,683,47),(812,'','2020-01-07',99,684,47),(813,'','2020-01-07',53,685,51),(814,'','2020-01-07',41,686,36),(815,'','2020-01-10',100,687,54),(816,'','2020-01-12',100,688,54),(817,'','2020-01-16',41,689,36),(818,'','2020-01-21',41,690,36),(819,'','2020-01-23',41,691,36),(820,'','2020-01-24',53,692,51),(821,'','2020-01-31',41,693,36),(822,'','2020-02-04',52,694,51),(823,'','2020-02-07',41,695,36),(824,'','2020-02-10',52,696,51),(825,'','2020-02-10',41,697,36),(826,'PLease enter the Disp Po qty is 3 for the sch-24-Feb-2020','2020-02-10',41,697,36),(827,'Please enter the PO and line num for 18A-647, PO is 190631 line no-8\r\n18-386B-Buffer approval for 6-Apr-20 schedule.\r\n','2020-02-10',41,697,36),(828,'above mentioned note is applicable to 18A-739.','2020-02-10',41,697,36),(829,'','2020-02-11',52,698,51),(830,'','2020-02-14',53,699,51),(831,'','2020-02-14',52,700,51),(832,'','2020-02-17',52,701,51),(833,'','2020-02-17',53,702,51),(834,'','2020-02-18',52,703,51),(835,'','2020-02-18',52,704,51),(836,'','2020-02-20',52,705,51),(837,'','2020-02-25',41,706,36),(838,'','2020-02-25',100,707,54),(839,'','2020-02-25',53,708,51),(840,'','2020-02-25',53,709,51),(841,'','2020-02-27',53,710,51),(842,'','2020-02-27',39,711,34),(843,'','2020-02-28',53,712,51),(844,'','2020-03-04',52,713,51),(845,'','2020-03-05',53,714,51),(846,'','2020-03-11',53,715,51),(847,'','2020-03-23',53,716,51),(848,'','2020-03-23',53,717,51),(849,'','2020-05-08',53,718,51),(850,'','2020-05-22',53,719,51),(851,'','2020-05-26',103,720,51),(852,'','2020-05-27',53,721,51),(853,'','2020-06-10',53,722,51),(854,'','2020-07-02',103,723,51),(855,'','2020-07-02',103,724,51),(856,'','2020-09-08',103,725,51),(857,'','2020-09-10',103,726,51),(858,'','2021-08-26',55,728,33),(859,'','2021-08-26',55,729,33),(860,'','2021-08-26',55,730,33),(861,'','2021-08-26',128,731,33),(862,'','2021-08-26',125,732,21),(863,'','2021-09-01',40,733,21),(864,'','2021-09-03',44,734,21),(865,'','2021-09-06',1,1,21),(866,'','2021-09-06',5,2,21),(867,'','2021-09-06',1,1,21),(868,'','2021-09-06',1,1,21),(869,'','2021-09-06',4,2,33),(870,'','2021-09-06',5,3,34),(871,'','2021-09-07',3,4,33),(872,'','2021-09-07',3,5,33),(873,'','2021-09-07',2,6,33),(874,'','2021-09-07',6,7,36),(875,'','2021-09-08',6,8,21),(876,'asddn','2021-09-08',3,4,38),(877,'','2021-09-08',7,9,21),(878,'','2021-09-08',8,10,21),(879,'','2021-09-08',9,11,38),(880,'close wo','2021-09-08',9,11,38),(881,'','2021-09-08',10,12,26),(882,'pcustomer notes create','2021-09-08',10,12,26),(883,'','2021-09-08',10,13,21),(884,'Added by prakash jp','2021-09-09',10,13,26),(885,'','2021-09-09',11,14,21),(886,'','2021-09-09',11,15,21),(887,'','2021-09-09',11,16,21),(888,'','2021-09-09',12,17,33),(889,'','2021-09-09',12,18,33),(890,'ok\r\n','2021-09-09',12,17,33),(891,'','2021-09-09',12,19,33),(892,'','2021-09-09',12,20,21),(893,'','2021-09-09',9,21,21),(894,'','2021-09-09',4,22,21),(895,'','2021-09-14',14,23,34),(896,'','2021-09-14',14,23,34),(897,'dispatch bom55','2021-09-14',14,23,34),(898,'','2021-09-14',15,24,33),(899,'customer work entered by deepika','2021-09-14',5,3,34),(900,'','2021-09-14',15,25,33),(901,'','2021-09-14',6,26,36),(902,'taskbopi','2021-09-14',6,26,36),(903,'','2021-09-15',17,27,34),(904,'RM created by RU use','2021-09-15',17,27,34),(905,'','2021-09-15',4,28,33),(906,'der','2021-09-15',15,24,33),(907,'des','2021-09-15',15,24,33),(908,'des','2021-09-15',15,24,21),(909,'hello\r\n','2021-09-17',5,3,34),(910,'','2021-09-20',16,29,33),(911,'workorder','2021-09-21',12,17,33),(912,'woo','2021-09-21',12,17,33),(913,'rmmaster','2021-09-21',16,29,33),(914,'','2021-09-22',14,30,34),(915,'customer aero','2021-09-22',14,30,34),(916,'sep22nine','2021-09-22',3,4,33),(917,'','2021-09-22',17,31,33),(918,'','2021-09-22',17,32,33),(919,'','2021-09-22',18,33,34),(920,'Added by user sep23nine','2021-09-23',4,22,33),(921,'','2021-09-24',19,34,34),(922,'','2021-09-27',21,35,33),(923,'','2021-09-27',20,36,26),(924,'','2021-09-27',21,37,33),(925,'','2021-09-30',22,38,33),(926,'','2021-09-30',23,39,34),(927,'','2021-09-30',23,40,34),(928,'','2021-10-01',24,41,36),(929,'','2021-10-01',25,42,33),(930,'','2021-10-01',25,43,33),(931,'','2021-10-06',26,44,34),(932,'','2021-10-06',26,45,34),(933,'','2021-10-06',27,46,34),(934,'','2021-10-11',20,47,21);

--
-- Table structure for table `employee`
--

CREATE TABLE `employee` (
  `recnum` int(11) NOT NULL AUTO_INCREMENT,
  `empid` varchar(20) DEFAULT NULL,
  `salutation` varchar(10) DEFAULT NULL,
  `fname` varchar(100) DEFAULT NULL,
  `lname` varchar(100) DEFAULT NULL,
  `role` varchar(30) DEFAULT NULL,
  `title` varchar(30) DEFAULT NULL,
  `phone` varchar(100) DEFAULT NULL,
  `email` varchar(100) DEFAULT NULL,
  `address1` varchar(100) DEFAULT NULL,
  `address2` varchar(100) DEFAULT NULL,
  `city` varchar(100) DEFAULT NULL,
  `state` varchar(100) DEFAULT NULL,
  `zipcode` varchar(30) DEFAULT NULL,
  `country` varchar(100) DEFAULT NULL,
  `employee2company` int(11) DEFAULT NULL,
  `status` varchar(10) DEFAULT NULL,
  `create_date` date DEFAULT NULL,
  `last_modified_date` date DEFAULT NULL,
  `dept` varchar(30) DEFAULT NULL,
  `empcode` varchar(255) DEFAULT NULL,
  PRIMARY KEY (`recnum`)
) ENGINE=InnoDB AUTO_INCREMENT=12 DEFAULT CHARSET=latin1;

--
-- Dumping data for table `employee`
--

INSERT INTO `employee` VALUES (1,NULL,NULL,'sa','sa','SA',NULL,NULL,NULL,NULL,NULL,NULL,NULL,NULL,NULL,1,'Active',NULL,NULL,NULL,NULL),(2,'E2','Mr.','Badari','Mandyam','SU','','','bmandyam@fluentsoft.com','','','','','','',1,'Active','2007-04-15',NULL,'Sales',NULL),(10,'E10','Mr.','atpl','atpl','SU','atpl','8998899','atpl@gmail.com','tumkur','tumkur','Bengaluru','karnataka','560029','India',1,'Active','2018-11-16',NULL,'Sales',NULL),(11,'E11','Mr.','Yeshwanth','','SU','','','y@gmail.com','','','','','','',1,'Inactive','2021-09-08',NULL,'Sales',NULL);

--
-- Table structure for table `example`
--

CREATE TABLE `example` (
  `name` varchar(10) NOT NULL
) ENGINE=InnoDB DEFAULT CHARSET=latin1;

--
-- Dumping data for table `example`
--


--
-- Table structure for table `log`
--

CREATE TABLE `log` (
  `userid` varchar(8) DEFAULT NULL,
  `session` varchar(50) DEFAULT NULL,
  `logtime` datetime DEFAULT NULL,
  `activity` varchar(50) DEFAULT NULL
) ENGINE=InnoDB DEFAULT CHARSET=latin1;

--
-- Dumping data for table `log`
--


--
-- Table structure for table `notes`
--

CREATE TABLE `notes` (
  `recnum` int(11) NOT NULL AUTO_INCREMENT,
  `create_date` date DEFAULT NULL,
  `note2project` int(11) DEFAULT NULL,
  `note2task` int(11) DEFAULT NULL,
  `note2user` int(11) DEFAULT NULL,
  `notes` text,
  `customer_notes` text,
  `pro_notes` text,
  `pro_cnotes` text,
  `created_date_pro` date DEFAULT NULL,
  PRIMARY KEY (`recnum`)
) ENGINE=InnoDB AUTO_INCREMENT=1698 DEFAULT CHARSET=latin1;

--
-- Dumping data for table `notes`
--

INSERT INTO `notes` VALUES (157,'2018-11-19',39,24,34,'',NULL,'','',NULL),(158,'2018-11-20',39,24,21,'Task Completed.Please check it.',NULL,'','',NULL),(159,'2018-11-22',40,25,36,'',NULL,'','',NULL),(160,'2018-11-23',40,25,29,'WO 63797 having CRN 18-577A(Manufactured Items) belongs to 18K-638, not 18K-636.',NULL,'','',NULL),(161,'2018-12-06',41,26,36,'',NULL,'','',NULL),(162,'2018-12-06',41,26,29,'Will discuss with Badri Sir and update you Sir.',NULL,'','',NULL),(163,'2018-12-06',41,27,36,'',NULL,'','',NULL),(164,'2018-12-06',41,27,29,'This is done. Please check.',NULL,'','',NULL),(165,'2018-12-06',41,26,29,'This is done.',NULL,'','',NULL),(166,'2018-12-07',41,28,36,'',NULL,'','',NULL),(167,'2018-12-07',41,28,29,'Sir, this is done. Please check.',NULL,'','',NULL),(168,'2018-12-11',41,29,36,'',NULL,'','',NULL),(169,'2018-12-11',41,29,29,'This is done. Please check.',NULL,'','',NULL),(170,'2018-12-11',41,30,36,'',NULL,'','',NULL),(171,'2018-12-11',42,31,39,'',NULL,'','',NULL),(172,'2018-12-11',42,31,29,'This is done. \r\nFor following WO 83784,83785,83786,84370, sitid is changed to SEZ.',NULL,'','',NULL),(173,'2018-12-11',41,30,29,'This is done. Please check.',NULL,'','',NULL),(174,'2018-12-17',41,32,36,'',NULL,'','',NULL),(175,'2018-12-18',41,32,29,'This is done. Please check.',NULL,'','',NULL),(176,'2018-12-18',44,33,47,'',NULL,'','',NULL),(177,'2018-12-18',44,33,29,'This is done. Please check.',NULL,'','',NULL),(178,'2018-12-18',45,34,46,'',NULL,'','',NULL),(179,'2018-12-18',45,34,29,'This is done. Please check.',NULL,'','',NULL),(180,'2018-12-20',39,35,34,'',NULL,'','',NULL),(181,'2018-12-20',39,35,29,'This is done. Please check.',NULL,'','',NULL),(182,'2018-12-20',46,36,46,'',NULL,'','',NULL),(183,'2018-12-20',46,36,29,'This is done. Please check.',NULL,'','',NULL),(184,'2018-12-21',41,37,36,'',NULL,'','',NULL),(185,'2018-12-21',41,37,29,'This is done. Please check.',NULL,'','',NULL),(186,'2018-12-21',47,38,29,'',NULL,'','',NULL),(187,'2018-12-21',47,38,29,'This is done. Please check.\r\n',NULL,'','',NULL),(188,'2018-12-21',48,39,41,'',NULL,'','',NULL),(189,'2018-12-21',48,40,41,'',NULL,'','',NULL),(190,'2018-12-21',47,41,35,'',NULL,'','',NULL),(191,'2018-12-21',47,41,29,'This is done. Please check.\r\n\r\n',NULL,'','',NULL),(192,'2018-12-21',48,40,29,'This is done. Please check.',NULL,'','',NULL),(193,'2018-12-21',48,39,29,'This is done. Please check.',NULL,'','',NULL),(194,'2018-12-24',49,42,39,'',NULL,'','',NULL),(195,'2018-12-26',41,43,36,'',NULL,'','',NULL),(196,'2018-12-26',47,44,35,'',NULL,'','',NULL),(197,'2018-12-26',47,45,35,'',NULL,'','',NULL),(198,'2018-12-26',41,43,29,'This is done. Please check.',NULL,'','',NULL),(199,'2018-12-26',49,42,29,'This is done. Please check.',NULL,'','',NULL),(200,'2018-12-26',47,44,29,'This is done. Please check.',NULL,'','',NULL),(201,'2018-12-26',47,45,29,'This is done. Please check.',NULL,'','',NULL),(202,'2018-12-31',51,46,29,'',NULL,'','',NULL),(203,'2018-12-31',51,46,29,'This is done. Please check.\r\n',NULL,'','',NULL),(204,'2019-01-02',50,47,50,'',NULL,'','',NULL),(205,'2019-01-02',39,48,34,'',NULL,'','',NULL),(206,'2019-01-02',39,48,29,'This is done.Please check.',NULL,'','',NULL),(207,'2019-01-03',50,47,29,'This is done. Please check.',NULL,'','',NULL),(208,'2019-01-03',52,49,51,'',NULL,'','',NULL),(209,'2019-01-03',41,50,36,'',NULL,'','',NULL),(210,'2019-01-03',41,50,29,'This is done. Please check.',NULL,'','',NULL),(211,'2019-01-03',56,51,29,'',NULL,'','',NULL),(212,'2019-01-03',56,51,29,'This is done. Please check.',NULL,'','',NULL),(213,'2019-01-03',41,52,36,'',NULL,'','',NULL),(214,'2019-01-03',41,52,29,'This is done. Please check.',NULL,'','',NULL),(215,'2019-01-04',52,49,29,'This is done. Please check.',NULL,'','',NULL),(216,'2019-01-04',41,53,36,'',NULL,'','',NULL),(217,'2019-01-04',41,53,29,'This is done. Please check.\r\n',NULL,'','',NULL),(218,'2019-01-04',56,54,29,'',NULL,'','',NULL),(219,'2019-01-04',56,54,29,'This is done. Please check.',NULL,'','',NULL),(220,'2019-01-04',41,55,36,'',NULL,'','',NULL),(221,'2019-01-04',41,55,29,'This is done. please check.',NULL,'','',NULL),(222,'2019-01-05',41,56,36,'',NULL,'','',NULL),(223,'2019-01-05',41,56,21,'This is done.  Please check.',NULL,'','',NULL),(224,'2019-01-05',50,57,50,'',NULL,'','',NULL),(225,'2019-01-07',41,58,36,'',NULL,'','',NULL),(226,'2019-01-07',41,59,36,'',NULL,'','',NULL),(227,'2019-01-07',41,59,29,'This is done. Please check.\r\n',NULL,'','',NULL),(228,'2019-01-07',41,58,29,'This is done. Please check.\r\n',NULL,'','',NULL),(229,'2019-01-07',52,60,51,'',NULL,'','',NULL),(230,'2019-01-07',52,60,29,'This is done. Please check.',NULL,'','',NULL),(231,'2019-01-07',39,61,34,'',NULL,'','',NULL),(232,'2019-01-07',39,61,29,'This s done. Please check.',NULL,'','',NULL),(233,'2019-01-07',50,57,29,'This is done. Please check.',NULL,'','',NULL),(234,'2019-01-10',41,62,36,'',NULL,'','',NULL),(235,'2019-01-10',41,62,29,'This is done. Please check.',NULL,'','',NULL),(236,'2019-01-11',41,63,36,'',NULL,'','',NULL),(237,'2019-01-11',41,63,29,'This is done. Please check.',NULL,'','',NULL),(238,'2019-01-11',41,64,36,'',NULL,'','',NULL),(239,'2019-01-11',41,64,29,'This is done. Please check.',NULL,'','',NULL),(240,'2019-01-12',39,65,34,'',NULL,'','',NULL),(241,'2019-01-12',41,66,36,'',NULL,'','',NULL),(242,'2019-01-13',39,67,34,'',NULL,'','',NULL),(243,'2019-01-14',41,68,36,'',NULL,'','',NULL),(244,'2019-01-14',41,66,29,'This is done.',NULL,'','',NULL),(245,'2019-01-14',39,65,29,'86814 WO not Cancelled since moved to production.\r\n81875 WO is Cancelled.',NULL,'','',NULL),(246,'2019-01-14',58,69,39,'',NULL,'','',NULL),(247,'2019-01-14',39,67,29,'This is done. Please check.',NULL,'','',NULL),(248,'2019-01-14',41,68,29,'This is done. Please check.',NULL,'','',NULL),(249,'2019-01-14',58,70,39,'',NULL,'','',NULL),(250,'2019-01-14',58,70,29,'This is done. ',NULL,'','',NULL),(251,'2019-01-16',41,71,36,'',NULL,'','',NULL),(252,'2019-01-16',41,72,36,'',NULL,'','',NULL),(253,'2019-01-17',41,71,29,'This is done.',NULL,'','',NULL),(254,'2019-01-17',59,73,47,'',NULL,'','',NULL),(255,'2019-01-17',59,73,29,'This is done.',NULL,'','',NULL),(256,'2019-01-17',59,74,47,'',NULL,'','',NULL),(257,'2019-01-17',59,75,47,'',NULL,'','',NULL),(258,'2019-01-17',59,75,29,'This is done.',NULL,'','',NULL),(259,'2019-01-17',41,76,36,'',NULL,'','',NULL),(260,'2019-01-17',52,77,51,'',NULL,'','',NULL),(261,'2019-01-17',52,77,29,'This is done.\r\nSchedule opened and dispatch date changed to 2019-01-12.\r\n',NULL,'','',NULL),(262,'2019-01-17',41,78,36,'',NULL,'','',NULL),(263,'2019-01-17',41,76,29,'This is done.',NULL,'','',NULL),(264,'2019-01-18',60,79,39,'',NULL,'','',NULL),(265,'2019-01-18',59,74,29,'This is done.',NULL,'','',NULL),(266,'2019-01-18',41,78,29,'This is done.',NULL,'','',NULL),(267,'2019-01-18',50,80,50,'',NULL,'','',NULL),(268,'2019-01-19',50,80,29,'2,3,4 line done.',NULL,'','',NULL),(269,'2019-01-19',53,81,51,'',NULL,'','',NULL),(270,'2019-01-21',57,82,39,'',NULL,'','',NULL),(271,'2019-01-21',57,82,29,'This is done.',NULL,'','',NULL),(272,'2019-01-21',41,83,36,'',NULL,'','',NULL),(273,'2019-01-21',54,84,51,'',NULL,'','',NULL),(274,'2019-01-21',41,85,36,'',NULL,'','',NULL),(275,'2019-01-21',41,85,29,'This is done.',NULL,'','',NULL),(276,'2019-01-21',50,80,29,'This is done.',NULL,'','',NULL),(277,'2019-01-21',54,84,29,'This is done.',NULL,'','',NULL),(278,'2019-01-21',61,86,47,'',NULL,'','',NULL),(279,'2019-01-22',47,87,35,'',NULL,'','',NULL),(280,'2019-01-22',47,87,29,'35-458A,35-622,35-623A Red highlighted removed.\r\n\r\n35-622 CRN, Rework WO 82630 so not done.',NULL,'','',NULL),(281,'2019-01-22',41,88,36,'',NULL,'','',NULL),(282,'2019-01-22',41,88,29,'This is done.',NULL,'','',NULL),(283,'2019-01-22',61,86,29,'This is done.',NULL,'','',NULL),(284,'2019-01-23',41,89,36,'',NULL,'','',NULL),(285,'2019-01-23',41,90,36,'',NULL,'','',NULL),(286,'2019-01-23',41,90,29,'This is done.',NULL,'','',NULL),(287,'2019-01-23',41,89,29,'This is done.',NULL,'','',NULL),(288,'2019-01-24',60,79,29,'This is done.',NULL,'','',NULL),(289,'2019-01-24',41,91,36,'',NULL,'','',NULL),(290,'2019-01-24',62,92,47,'',NULL,'','',NULL),(291,'2019-01-24',41,91,29,'This is done.',NULL,'','',NULL),(292,'2019-01-24',41,93,36,'',NULL,'','',NULL),(293,'2019-01-24',62,92,29,'This is done.',NULL,'','',NULL),(294,'2019-01-24',41,93,29,'This is done.',NULL,'','',NULL),(295,'2019-01-24',41,94,36,'',NULL,'','',NULL),(296,'2019-01-24',41,94,29,'This is done.',NULL,'','',NULL),(297,'2019-01-24',41,95,36,'',NULL,'','',NULL),(298,'2019-01-24',47,96,35,'',NULL,'','',NULL),(299,'2019-01-24',41,97,36,'',NULL,'','',NULL),(300,'2019-01-25',41,97,29,'This is done.',NULL,'','',NULL),(301,'2019-01-25',47,96,29,'This is done.',NULL,'','',NULL),(302,'2019-01-25',48,98,41,'',NULL,'','',NULL),(303,'2019-01-25',41,99,36,'',NULL,'','',NULL),(304,'2019-01-25',52,100,51,'',NULL,'','',NULL),(305,'2019-01-25',53,101,51,'',NULL,'','',NULL),(306,'2019-01-25',53,101,29,'This is done.',NULL,'','',NULL),(307,'2019-01-25',63,102,46,'',NULL,'','',NULL),(308,'2019-01-25',52,100,29,'This is done.',NULL,'','',NULL),(309,'2019-01-25',48,98,29,'This is done.',NULL,'','',NULL),(310,'2019-01-25',41,99,29,'This is done.',NULL,'','',NULL),(311,'2019-01-28',41,103,36,'',NULL,'','',NULL),(312,'2019-01-28',52,104,51,'',NULL,'','',NULL),(313,'2019-01-28',52,105,51,'',NULL,'','',NULL),(314,'2019-01-28',41,103,29,'This is done.',NULL,'','',NULL),(315,'2019-01-28',52,104,29,'This is done.',NULL,'','',NULL),(316,'2019-01-28',52,105,29,'Need director approval for schedule upload sir.',NULL,'','',NULL),(317,'2019-01-28',41,106,36,'',NULL,'','',NULL),(318,'2019-01-28',63,102,29,'This is done.',NULL,'','',NULL),(319,'2019-01-28',41,106,29,'This is done.',NULL,'','',NULL),(320,'2019-01-28',52,107,51,'',NULL,'','',NULL),(321,'2019-01-28',52,107,29,'Sir, schedule qty cant be changed once uploaded.',NULL,'','',NULL),(322,'2019-01-29',41,108,36,'',NULL,'','',NULL),(323,'2019-01-29',41,108,104,'This is done',NULL,'','',NULL),(324,'2019-01-29',41,108,29,'This is done',NULL,'','',NULL),(325,'2019-01-30',64,109,47,'',NULL,'','',NULL),(326,'2019-01-30',41,110,36,'',NULL,'','',NULL),(327,'2019-01-30',41,110,29,'This is done.',NULL,'','',NULL),(328,'2019-01-30',64,111,47,'',NULL,'','',NULL),(329,'2019-01-30',64,111,29,'This is done.\r\n',NULL,'','',NULL),(330,'2019-01-30',41,112,36,'',NULL,'','',NULL),(331,'2019-01-30',41,112,29,'This is done.',NULL,'','',NULL),(332,'2019-01-31',41,113,36,'',NULL,'','',NULL),(333,'2019-01-31',52,114,51,'',NULL,'','',NULL),(334,'2019-01-31',41,113,29,'This is done.',NULL,'','',NULL),(335,'2019-01-31',52,114,29,'This is done.',NULL,'','',NULL),(336,'2019-02-01',64,109,29,'WO Cancelled.',NULL,'','',NULL),(337,'2019-02-01',59,115,29,'',NULL,'','',NULL),(338,'2019-02-02',41,116,36,'',NULL,'','',NULL),(339,'2019-02-02',65,117,47,'',NULL,'','',NULL),(340,'2019-02-03',41,95,29,'This is done.',NULL,'','',NULL),(341,'2019-02-03',64,109,29,'35-509A,35-510A,35-591,35-649,35-656 FG Script done.\r\nAssembly CRN still pending. ',NULL,'','',NULL),(342,'2019-02-03',65,117,29,'This is done.',NULL,'','',NULL),(343,'2019-02-04',66,118,39,'',NULL,'','',NULL),(344,'2019-02-04',41,116,29,'WO Siteid change is done.',NULL,'','',NULL),(345,'2019-02-04',67,119,39,'',NULL,'','',NULL),(346,'2019-02-04',41,120,36,'',NULL,'','',NULL),(347,'2019-02-04',41,120,29,'This is done.',NULL,'','',NULL),(348,'2019-02-04',41,116,29,'Red Highlight and NC Block removed.',NULL,'','',NULL),(349,'2019-02-04',66,118,29,'This is done.',NULL,'','',NULL),(350,'2019-02-04',48,121,41,'',NULL,'','',NULL),(351,'2019-02-04',48,122,41,'',NULL,'','',NULL),(352,'2019-02-04',48,121,29,'THIS IS DONE.',NULL,'','',NULL),(353,'2019-02-04',52,123,51,'',NULL,'','',NULL),(354,'2019-02-04',52,123,29,'This is done',NULL,'','',NULL),(355,'2019-02-04',48,121,29,'This is done.',NULL,'','',NULL),(356,'2019-02-04',48,122,29,'This is done.',NULL,'','',NULL),(357,'2019-02-04',41,124,36,'',NULL,'','',NULL),(358,'2019-02-04',50,125,50,'',NULL,'','',NULL),(359,'2019-02-04',50,126,50,'',NULL,'','',NULL),(360,'2019-02-04',41,124,29,'This is done.',NULL,'','',NULL),(361,'2019-02-04',41,127,36,'',NULL,'','',NULL),(362,'2019-02-04',41,127,29,'This is done.',NULL,'','',NULL),(363,'2019-02-05',68,128,47,'',NULL,'','',NULL),(364,'2019-02-05',68,128,29,'This is done.',NULL,'','',NULL),(365,'2019-02-05',52,129,51,'',NULL,'','',NULL),(366,'2019-02-05',52,129,29,'This is done.',NULL,'','',NULL),(367,'2019-02-05',50,126,29,'This is done.',NULL,'','',NULL),(368,'2019-02-05',50,125,29,'This is done.',NULL,'','',NULL),(369,'2019-02-05',48,130,41,'',NULL,'','',NULL),(370,'2019-02-05',39,131,34,'',NULL,'','',NULL),(371,'2019-02-05',39,131,29,'This is done.',NULL,'','',NULL),(372,'2019-02-05',48,132,41,'',NULL,'','',NULL),(373,'2019-02-05',48,132,29,'This is done.',NULL,'','',NULL),(374,'2019-02-05',48,130,29,'WO cancel is done.',NULL,'','',NULL),(375,'2019-02-06',41,133,36,'',NULL,'','',NULL),(376,'2019-02-06',52,134,51,'',NULL,'','',NULL),(377,'2019-02-06',52,134,29,'This is done.',NULL,'','',NULL),(378,'2019-02-06',41,133,29,'This is done.',NULL,'','',NULL),(379,'2019-02-06',59,115,29,'This is done.',NULL,'','',NULL),(380,'2019-02-06',48,130,29,'Qty reduced to 4.2 in line item and qtm reduced to 25 as discussed with Mr.Sunil Sir.',NULL,'','',NULL),(381,'2019-02-06',48,130,29,'Sry qty reduced to 4.2 and qty per billet as 6.',NULL,'','',NULL),(382,'2019-02-06',66,135,39,'',NULL,'','',NULL),(383,'2019-02-06',66,135,29,'This is done.',NULL,'','',NULL),(384,'2019-02-06',47,136,35,'',NULL,'','',NULL),(385,'2019-02-06',41,137,36,'',NULL,'','',NULL),(386,'2019-02-06',47,136,29,'This is done.',NULL,'','',NULL),(387,'2019-02-07',66,138,39,'',NULL,'','',NULL),(388,'2019-02-07',41,137,21,'This is done.\r\n',NULL,'','',NULL),(389,'2019-02-07',39,139,34,'',NULL,'','',NULL),(390,'2019-02-07',66,138,29,'This is done.',NULL,'','',NULL),(391,'2019-02-07',41,140,36,'',NULL,'','',NULL),(392,'2019-02-08',70,141,47,'',NULL,'','',NULL),(393,'2019-02-08',39,142,34,'',NULL,'','',NULL),(394,'2019-02-08',39,142,29,'This is done.',NULL,'','',NULL),(395,'2019-02-08',41,140,29,'Done by Deshpande Sir.',NULL,'','',NULL),(396,'2019-02-08',70,141,29,'This is done.',NULL,'','',NULL),(397,'2019-02-08',52,143,51,'',NULL,'','',NULL),(398,'2019-02-08',52,143,29,'This is done.',NULL,'','',NULL),(399,'2019-02-08',52,144,51,'',NULL,'','',NULL),(400,'2019-02-08',52,144,29,'This is done.',NULL,'','',NULL),(401,'2019-02-08',52,145,51,'',NULL,'','',NULL),(402,'2019-02-08',52,145,29,'This is done.',NULL,'','',NULL),(403,'2019-02-09',48,146,41,'',NULL,'','',NULL),(404,'2019-02-11',41,147,36,'',NULL,'','',NULL),(405,'2019-02-11',48,146,29,'This is done.',NULL,'','',NULL),(406,'2019-02-11',41,147,29,'This is done.',NULL,'','',NULL),(407,'2019-02-11',41,148,36,'',NULL,'','',NULL),(408,'2019-02-11',41,148,29,'This is done.',NULL,'','',NULL),(409,'2019-02-11',58,149,39,'',NULL,'','',NULL),(410,'2019-02-11',42,150,39,'',NULL,'','',NULL),(411,'2019-02-11',71,151,39,'',NULL,'','',NULL),(412,'2019-02-11',72,152,39,'',NULL,'','',NULL),(413,'2019-02-11',58,153,39,'',NULL,'','',NULL),(414,'2019-02-11',71,151,29,'This is done.',NULL,'','',NULL),(415,'2019-02-11',72,154,39,'',NULL,'','',NULL),(416,'2019-02-11',58,149,29,'This is done.',NULL,'','',NULL),(417,'2019-02-11',42,150,29,'This is done.',NULL,'','',NULL),(418,'2019-02-12',41,155,36,'',NULL,'','',NULL),(419,'2019-02-12',41,155,29,'This is done.',NULL,'','',NULL),(420,'2019-02-12',48,156,41,'',NULL,'','',NULL),(421,'2019-02-12',58,153,29,'This is done.',NULL,'','',NULL),(422,'2019-02-12',72,152,29,'This is done.',NULL,'','',NULL),(423,'2019-02-12',52,157,51,'',NULL,'','',NULL),(424,'2019-02-12',52,157,29,'This is done.\r\n',NULL,'','',NULL),(425,'2019-02-13',58,158,39,'',NULL,'','',NULL),(426,'2019-02-13',41,159,36,'',NULL,'','',NULL),(427,'2019-02-13',41,159,29,'This is done.',NULL,'','',NULL),(428,'2019-02-13',41,160,36,'',NULL,'','',NULL),(429,'2019-02-13',48,161,41,'',NULL,'','',NULL),(430,'2019-02-13',48,161,29,'This is done.',NULL,'','',NULL),(431,'2019-02-14',72,154,29,'This is done.',NULL,'','',NULL),(432,'2019-02-14',58,158,29,'This is done.',NULL,'','',NULL),(433,'2019-02-14',73,162,47,'',NULL,'','',NULL),(434,'2019-02-14',73,162,29,'This is done',NULL,'','',NULL),(435,'2019-02-14',54,163,51,'',NULL,'','',NULL),(436,'2019-02-14',54,163,29,'This is done.',NULL,'','',NULL),(437,'2019-02-14',41,160,29,'Internal DC done.\r\nFinished dispatched.',NULL,'','',NULL),(438,'2019-02-14',52,164,51,'',NULL,'','',NULL),(439,'2019-02-15',52,164,29,'This is done.',NULL,'','',NULL),(440,'2019-02-15',41,165,36,'',NULL,'','',NULL),(441,'2019-02-15',46,166,46,'',NULL,'','',NULL),(442,'2019-02-15',52,167,51,'',NULL,'','',NULL),(443,'2019-02-15',48,168,41,'',NULL,'','',NULL),(444,'2019-02-15',48,169,41,'',NULL,'','',NULL),(445,'2019-02-15',52,167,29,'This is done.',NULL,'','',NULL),(446,'2019-02-18',48,169,29,'This is done.',NULL,'','',NULL),(447,'2019-02-18',48,168,29,'This is done.',NULL,'','',NULL),(448,'2019-02-18',41,165,29,'This is done.',NULL,'','',NULL),(449,'2019-02-18',52,170,51,'',NULL,'','',NULL),(450,'2019-02-18',52,170,29,'This is done.',NULL,'','',NULL),(451,'2019-02-19',66,171,39,'',NULL,'','',NULL),(452,'2019-02-19',74,172,39,'',NULL,'','',NULL),(453,'2019-02-19',75,173,47,'',NULL,'','',NULL),(454,'2019-02-19',75,173,29,'This is done. Please check.',NULL,'','',NULL),(455,'2019-02-19',74,172,29,'TKAI-B007 not done because PO not found. Remaining done. Please check.',NULL,'','',NULL),(456,'2019-02-19',66,171,29,'This is done. Please check.',NULL,'','',NULL),(457,'2019-02-20',52,174,51,'',NULL,'','',NULL),(458,'2019-02-20',76,175,47,'',NULL,'','',NULL),(459,'2019-02-20',77,176,52,'',NULL,'','',NULL),(460,'2019-02-20',77,176,29,'This is done. please check.',NULL,'','',NULL),(461,'2019-02-21',77,177,52,'',NULL,'','',NULL),(462,'2019-02-21',76,175,29,'This is done. Please check.',NULL,'','',NULL),(463,'2019-02-21',77,177,29,'To create Rework DN for work order #83225 Director approval is needed and rework qty must be updated in work order.',NULL,'','',NULL),(464,'2019-02-21',78,178,29,'',NULL,'','',NULL),(465,'2019-02-21',78,178,29,'C74976 COFC is cancelled.',NULL,'','',NULL),(466,'2019-02-21',79,179,47,'',NULL,'','',NULL),(467,'2019-02-21',79,179,29,'This is done.',NULL,'','',NULL),(468,'2019-02-22',80,180,47,'',NULL,'','',NULL),(469,'2019-02-22',80,181,47,'',NULL,'','',NULL),(470,'2019-02-22',80,180,29,'This is done.',NULL,'','',NULL),(471,'2019-02-22',48,182,41,'',NULL,'','',NULL),(472,'2019-02-22',80,181,29,'This is done. Please check.',NULL,'','',NULL),(473,'2019-02-22',41,83,29,'This is done.\r\n',NULL,'','',NULL),(474,'2019-02-25',52,183,51,'',NULL,'','',NULL),(475,'2019-02-25',82,184,39,'',NULL,'','',NULL),(476,'2019-02-25',57,185,39,'',NULL,'','',NULL),(477,'2019-02-25',52,183,29,'This is done.',NULL,'','',NULL),(478,'2019-02-25',83,186,39,'',NULL,'','',NULL),(479,'2019-02-25',51,187,39,'',NULL,'','',NULL),(480,'2019-02-25',48,188,41,'',NULL,'','',NULL),(481,'2019-02-25',57,185,29,'This is done.',NULL,'','',NULL),(482,'2019-02-25',41,189,36,'',NULL,'','',NULL),(483,'2019-02-25',81,190,47,'',NULL,'','',NULL),(484,'2019-02-25',48,188,29,'This is done.',NULL,'','',NULL),(485,'2019-02-25',48,191,41,'',NULL,'','',NULL),(486,'2019-02-25',48,192,41,'',NULL,'','',NULL),(487,'2019-02-25',48,193,41,'',NULL,'','',NULL),(488,'2019-02-26',81,190,29,'This is done.',NULL,'','',NULL),(489,'2019-02-26',48,191,29,'This is done.\r\n',NULL,'','',NULL),(490,'2019-02-26',82,184,29,'This is done.',NULL,'','',NULL),(491,'2019-02-26',52,194,51,'',NULL,'','',NULL),(492,'2019-02-26',48,193,29,'This is done.',NULL,'','',NULL),(493,'2019-02-26',51,195,39,'',NULL,'','',NULL),(494,'2019-02-26',41,196,36,'',NULL,'','',NULL),(495,'2019-02-26',52,194,29,'This is done.',NULL,'','',NULL),(496,'2019-02-26',51,195,29,'This is done.',NULL,'','',NULL),(497,'2019-02-26',41,196,29,'This is done.',NULL,'','',NULL),(498,'2019-02-26',41,197,36,'',NULL,'','',NULL),(499,'2019-02-26',41,198,36,'',NULL,'','',NULL),(500,'2019-02-26',52,199,51,'',NULL,'','',NULL),(501,'2019-02-26',41,198,29,'This is done.',NULL,'','',NULL),(502,'2019-02-26',41,189,29,'This is done.',NULL,'','',NULL),(503,'2019-02-26',52,174,29,'This is done.',NULL,'','',NULL),(504,'2019-02-27',41,200,36,'',NULL,'','',NULL),(505,'2019-02-27',52,199,29,'This is done.',NULL,'','',NULL),(506,'2019-02-27',41,200,29,'Schedule is closed. qty increasing will discuss with sir and update Sir.',NULL,'','',NULL),(507,'2019-02-27',63,201,46,'',NULL,'','',NULL),(508,'2019-02-27',63,201,29,'This id done.',NULL,'','',NULL),(509,'2019-02-27',82,202,39,'',NULL,'','',NULL),(510,'2019-02-27',81,203,47,'',NULL,'','',NULL),(511,'2019-02-27',81,204,47,'',NULL,'','',NULL),(512,'2019-02-27',41,200,29,'This is done.',NULL,'','',NULL),(513,'2019-02-27',81,204,29,'This is done.',NULL,'','',NULL),(514,'2019-02-28',41,205,36,'',NULL,'','',NULL),(515,'2019-02-28',41,205,29,'This is done.',NULL,'','',NULL),(516,'2019-02-28',82,202,29,'This is done.',NULL,'','',NULL),(517,'2019-02-28',83,186,29,'Sir qty of work order has been changed to 2 as per mail from you on Dec 20.',NULL,'','',NULL),(518,'2019-02-28',81,203,29,'This is done.',NULL,'','',NULL),(519,'2019-02-28',48,192,29,'This is done.',NULL,'','',NULL),(520,'2019-02-28',39,206,34,'',NULL,'','',NULL),(521,'2019-02-28',39,206,29,'This is done.',NULL,'','',NULL),(522,'2019-02-28',41,197,29,'This is done.',NULL,'','',NULL),(523,'2019-03-04',77,207,52,'',NULL,'','',NULL),(524,'2019-03-04',84,208,47,'',NULL,'','',NULL),(525,'2019-03-05',41,209,36,'',NULL,'','',NULL),(526,'2019-03-05',66,210,39,'',NULL,'','',NULL),(527,'2019-03-05',66,210,29,'This is done.',NULL,'','',NULL),(528,'2019-03-05',85,211,47,'',NULL,'','',NULL),(529,'2019-03-05',84,208,29,'This is done.',NULL,'','',NULL),(530,'2019-03-05',77,207,29,'This is done.',NULL,'','',NULL),(531,'2019-03-05',41,209,29,'This is done.',NULL,'','',NULL),(532,'2019-03-05',53,212,51,'',NULL,'','',NULL),(533,'2019-03-05',85,211,29,'This is done.',NULL,'','',NULL),(534,'2019-03-05',41,213,36,'',NULL,'','',NULL),(535,'2019-03-05',41,213,29,'This is done.',NULL,'','',NULL),(536,'2019-03-05',41,214,36,'',NULL,'','',NULL),(537,'2019-03-05',41,214,29,'This is done.',NULL,'','',NULL),(538,'2019-03-05',53,212,29,'This is done.',NULL,'','',NULL),(539,'2019-03-05',41,215,36,'',NULL,'','',NULL),(540,'2019-03-05',52,216,51,'',NULL,'','',NULL),(541,'2019-03-05',52,216,29,'This is done.',NULL,'','',NULL),(542,'2019-03-06',66,217,39,'',NULL,'','',NULL),(543,'2019-03-06',41,215,29,'18-113A red highlighted removed is done.\r\nSchedule quantity increase not done. ',NULL,'','',NULL),(544,'2019-03-06',66,217,29,'This is done.',NULL,'','',NULL),(545,'2019-03-06',52,218,51,'',NULL,'','',NULL),(546,'2019-03-06',52,219,51,'',NULL,'','',NULL),(547,'2019-03-06',52,219,29,'This is done.\r\n',NULL,'','',NULL),(548,'2019-03-06',66,220,39,'',NULL,'','',NULL),(549,'2019-03-07',66,220,29,'This is done.',NULL,'','',NULL),(550,'2019-03-07',66,221,39,'',NULL,'','',NULL),(551,'2019-03-07',41,222,36,'',NULL,'','',NULL),(552,'2019-03-07',41,222,29,'WO Cancelled done.',NULL,'','',NULL),(553,'2019-03-07',41,222,29,'Return to stores done.',NULL,'','',NULL),(554,'2019-03-07',51,223,39,'',NULL,'','',NULL),(555,'2019-03-07',86,224,29,'',NULL,'','',NULL),(556,'2019-03-07',86,224,29,'This is done.',NULL,'','',NULL),(557,'2019-03-07',50,225,50,'',NULL,'','',NULL),(558,'2019-03-07',41,226,36,'',NULL,'','',NULL),(559,'2019-03-07',51,223,29,'This is done.',NULL,'','',NULL),(560,'2019-03-07',41,226,29,'This is done.',NULL,'','',NULL),(561,'2019-03-07',52,227,51,'',NULL,'','',NULL),(562,'2019-03-07',52,227,29,'This is done. WO Cancelled.',NULL,'','',NULL),(563,'2019-03-08',66,228,39,'',NULL,'','',NULL),(564,'2019-03-08',52,218,29,'This is done.',NULL,'','',NULL),(565,'2019-03-08',50,225,29,'This is done.',NULL,'','',NULL),(566,'2019-03-08',66,221,29,'This is done.',NULL,'','',NULL),(567,'2019-03-08',66,228,29,'This is done.',NULL,'','',NULL),(568,'2019-03-08',54,229,51,'',NULL,'','',NULL),(569,'2019-03-08',41,230,36,'',NULL,'','',NULL),(570,'2019-03-08',51,231,39,'',NULL,'','',NULL),(571,'2019-03-08',77,232,52,'',NULL,'','',NULL),(572,'2019-03-08',51,231,29,'This is done.',NULL,'','',NULL),(573,'2019-03-08',54,229,29,'This is done.',NULL,'','',NULL),(574,'2019-03-08',67,233,39,'',NULL,'','',NULL),(575,'2019-03-08',41,230,29,'WO Siteid changed. PO qty couldnt change should be done by director.',NULL,'','',NULL),(576,'2019-03-08',67,233,29,'M05729,M06262 is done. Another GRN pending not done.',NULL,'','',NULL),(577,'2019-03-08',67,233,29,'This is done.',NULL,'','',NULL),(578,'2019-03-08',77,232,29,'This is done.',NULL,'','',NULL),(579,'2019-03-11',66,234,39,'',NULL,'','',NULL),(580,'2019-03-11',87,235,47,'',NULL,'','',NULL),(581,'2019-03-11',66,234,29,'This is done.',NULL,'','',NULL),(582,'2019-03-11',58,236,39,'',NULL,'','',NULL),(583,'2019-03-11',58,236,29,'Treatment NC have been Cancelled Sir.',NULL,'','',NULL),(584,'2019-03-11',87,235,29,'This is done.',NULL,'','',NULL),(585,'2019-03-12',88,237,47,'',NULL,'','',NULL),(586,'2019-03-12',88,237,29,'This is done.',NULL,'','',NULL),(587,'2019-03-12',50,238,50,'',NULL,'','',NULL),(588,'2019-03-12',50,238,29,'This is done.',NULL,'','',NULL),(589,'2019-03-12',57,239,39,'',NULL,'','',NULL),(590,'2019-03-12',41,240,36,'',NULL,'','',NULL),(591,'2019-03-12',41,240,29,'COFC Cancelled. Schedule Dispatch qty not done because already some parts have been dispatched.',NULL,'','',NULL),(592,'2019-03-12',52,241,51,'',NULL,'','',NULL),(593,'2019-03-12',41,240,29,'This is done.',NULL,'','',NULL),(594,'2019-03-12',51,242,39,'',NULL,'','',NULL),(595,'2019-03-12',51,242,29,'This is done.',NULL,'','',NULL),(596,'2019-03-12',89,243,29,'',NULL,'','',NULL),(597,'2019-03-12',89,243,29,'This is done.',NULL,'','',NULL),(598,'2019-03-12',52,241,29,'This is done.',NULL,'','',NULL),(599,'2019-03-12',52,244,51,'',NULL,'','',NULL),(600,'2019-03-12',52,244,29,'Sir please mention the CRN.',NULL,'','',NULL),(601,'2019-03-13',67,245,39,'',NULL,'','',NULL),(602,'2019-03-13',57,239,29,'This is done.',NULL,'','',NULL),(603,'2019-03-13',41,246,36,'',NULL,'','',NULL),(604,'2019-03-13',41,246,29,'This is done.',NULL,'','',NULL),(605,'2019-03-13',46,247,46,'',NULL,'','',NULL),(606,'2019-03-13',46,247,29,'This is done.',NULL,'','',NULL),(607,'2019-03-13',41,248,36,'',NULL,'','',NULL),(608,'2019-03-13',41,248,29,'This is done.',NULL,'','',NULL),(609,'2019-03-13',52,244,29,'47-047A qty billet removal done.',NULL,'','',NULL),(610,'2019-03-13',52,249,51,'',NULL,'','',NULL),(611,'2019-03-13',67,245,29,'This is done.',NULL,'','',NULL),(612,'2019-03-13',52,249,29,'This is done.',NULL,'','',NULL),(613,'2019-03-14',41,250,36,'',NULL,'','',NULL),(614,'2019-03-14',41,250,29,'This is done.',NULL,'','',NULL),(615,'2019-03-14',39,251,34,'',NULL,'','',NULL),(616,'2019-03-14',39,251,29,'This is done.',NULL,'','',NULL),(617,'2019-03-14',39,252,34,'',NULL,'','',NULL),(618,'2019-03-14',39,252,29,'This is done.',NULL,'','',NULL),(619,'2019-03-14',52,253,51,'',NULL,'','',NULL),(620,'2019-03-14',52,253,29,'This is done.',NULL,'','',NULL),(621,'2019-03-14',50,254,50,'',NULL,'','',NULL),(622,'2019-03-15',50,254,29,'This is done.',NULL,'','',NULL),(623,'2019-03-15',39,255,34,'',NULL,'','',NULL),(624,'2019-03-15',39,255,29,'This is done.',NULL,'','',NULL),(625,'2019-03-15',39,256,34,'',NULL,'','',NULL),(626,'2019-03-15',39,256,29,'This is done.',NULL,'','',NULL),(627,'2019-03-15',90,257,47,'',NULL,'','',NULL),(628,'2019-03-15',90,257,29,'This is done.',NULL,'','',NULL),(629,'2019-03-15',46,258,46,'',NULL,'','',NULL),(630,'2019-03-15',46,258,29,'This is done.',NULL,'','',NULL),(631,'2019-03-16',91,259,47,'',NULL,'','',NULL),(632,'2019-03-18',91,259,29,'This is done.',NULL,'','',NULL),(633,'2019-03-18',39,260,34,'',NULL,'','',NULL),(634,'2019-03-18',39,260,29,'This is done.',NULL,'','',NULL),(635,'2019-03-18',77,261,52,'',NULL,'','',NULL),(636,'2019-03-18',41,262,36,'',NULL,'','',NULL),(637,'2019-03-18',41,262,29,'This is done.',NULL,'','',NULL),(638,'2019-03-19',39,263,34,'',NULL,'','',NULL),(639,'2019-03-19',39,263,29,'This is done.',NULL,'','',NULL),(640,'2019-03-19',92,264,47,'',NULL,'','',NULL),(641,'2019-03-19',41,265,36,'',NULL,'','',NULL),(642,'2019-03-19',41,265,29,'This is done.',NULL,'','',NULL),(643,'2019-03-20',93,266,47,'',NULL,'','',NULL),(644,'2019-03-20',94,267,47,'',NULL,'','',NULL),(645,'2019-03-20',94,268,47,'',NULL,'','',NULL),(646,'2019-03-20',94,269,47,'',NULL,'','',NULL),(647,'2019-03-20',94,267,29,'This is done.',NULL,'','',NULL),(648,'2019-03-20',92,264,29,'This is done.',NULL,'','',NULL),(649,'2019-03-20',94,269,29,'This is done.',NULL,'','',NULL),(650,'2019-03-20',94,268,29,'Sir Please send mail and get approval from Director.',NULL,'','',NULL),(651,'2019-03-20',93,266,29,'Sir, Please need approval from Director.',NULL,'','',NULL),(652,'2019-03-20',94,270,47,'',NULL,'','',NULL),(653,'2019-03-20',41,271,36,'',NULL,'','',NULL),(654,'2019-03-20',41,271,29,'This is done.',NULL,'','',NULL),(655,'2019-03-20',39,272,34,'',NULL,'','',NULL),(656,'2019-03-20',39,272,29,'This is done.',NULL,'','',NULL),(657,'2019-03-20',41,273,36,'',NULL,'','',NULL),(658,'2019-03-20',94,270,29,'This is done.',NULL,'','',NULL),(659,'2019-03-20',41,273,29,'This is done.',NULL,'','',NULL),(660,'2019-03-20',53,274,51,'',NULL,'','',NULL),(661,'2019-03-20',41,275,36,'',NULL,'','',NULL),(662,'2019-03-20',53,274,29,'This is done.',NULL,'','',NULL),(663,'2019-03-20',41,275,29,'This is done.',NULL,'','',NULL),(664,'2019-03-21',52,276,51,'',NULL,'','',NULL),(665,'2019-03-21',52,276,29,'This is done',NULL,'','',NULL),(666,'2019-03-21',95,277,47,'',NULL,'','',NULL),(667,'2019-03-21',52,278,51,'',NULL,'','',NULL),(668,'2019-03-22',52,278,29,'This is done.',NULL,'','',NULL),(669,'2019-03-22',41,279,36,'',NULL,'','',NULL),(670,'2019-03-22',95,277,29,'This is done.',NULL,'','',NULL),(671,'2019-03-22',52,280,51,'',NULL,'','',NULL),(672,'2019-03-22',41,279,29,'This is done.',NULL,'','',NULL),(673,'2019-03-22',52,281,51,'',NULL,'','',NULL),(674,'2019-03-22',52,280,29,'This is done.',NULL,'','',NULL),(675,'2019-03-22',52,281,29,'This is done.',NULL,'','',NULL),(676,'2019-03-25',45,282,46,'',NULL,'','',NULL),(677,'2019-03-25',45,282,29,'This is done.',NULL,'','',NULL),(678,'2019-03-25',41,283,36,'',NULL,'','',NULL),(679,'2019-03-25',41,283,29,'This is done.',NULL,'','',NULL),(680,'2019-03-26',41,284,36,'',NULL,'','',NULL),(681,'2019-03-26',96,285,47,'',NULL,'','',NULL),(682,'2019-03-27',41,286,36,'',NULL,'','',NULL),(683,'2019-03-27',41,286,29,'This is done.',NULL,'','',NULL),(684,'2019-03-27',97,287,47,'',NULL,'','',NULL),(685,'2019-03-27',96,285,29,'This is done.',NULL,'','',NULL),(686,'2019-03-27',97,287,29,'This is done.',NULL,'','',NULL),(687,'2019-03-28',98,288,47,'',NULL,'','',NULL),(688,'2019-03-28',98,288,29,'DN is canceled Sir.',NULL,'','',NULL),(689,'2019-03-28',41,289,36,'',NULL,'','',NULL),(690,'2019-03-28',41,289,29,'This is done.\r\n',NULL,'','',NULL),(691,'2019-03-28',41,284,29,'This is done.',NULL,'','',NULL),(692,'2019-03-29',41,290,36,'',NULL,'','',NULL),(693,'2019-03-29',54,291,51,'',NULL,'','',NULL),(694,'2019-03-29',41,290,29,'This is done.',NULL,'','',NULL),(695,'2019-03-29',54,291,29,'This is done.',NULL,'','',NULL),(696,'2019-03-29',48,156,29,'This is done.',NULL,'','',NULL),(697,'2019-03-29',48,182,29,'This is done.',NULL,'','',NULL),(698,'2019-03-29',48,292,41,'',NULL,'','',NULL),(699,'2019-03-29',48,292,29,'This is done.',NULL,'','',NULL),(700,'2019-04-01',98,293,47,'',NULL,'','',NULL),(701,'2019-04-01',98,293,29,'This is done.\r\nExcept this WO 87649 because it is closed and part status entered already.',NULL,'','',NULL),(702,'2019-04-02',98,294,47,'',NULL,'','',NULL),(703,'2019-04-02',98,295,47,'',NULL,'','',NULL),(704,'2019-04-02',98,294,29,'This is done.',NULL,'','',NULL),(705,'2019-04-02',98,295,29,'This is done.',NULL,'','',NULL),(706,'2019-04-02',98,296,47,'',NULL,'','',NULL),(707,'2019-04-02',98,296,29,'This is done.',NULL,'','',NULL),(708,'2019-04-02',98,296,29,'Except WO 84345 because it is closed and part status entered already.',NULL,'','',NULL),(709,'2019-04-02',46,297,46,'',NULL,'','',NULL),(710,'2019-04-02',41,298,36,'',NULL,'','',NULL),(711,'2019-04-02',46,297,29,'This is done.',NULL,'','',NULL),(712,'2019-04-02',41,298,29,'This is done.',NULL,'','',NULL),(713,'2019-04-03',98,299,47,'',NULL,'','',NULL),(714,'2019-04-03',98,300,47,'',NULL,'','',NULL),(715,'2019-04-03',98,299,29,'This is done.',NULL,'','',NULL),(716,'2019-04-03',98,301,47,'',NULL,'','',NULL),(717,'2019-04-03',98,300,29,'This is done.',NULL,'','',NULL),(718,'2019-04-03',98,301,29,'This is done.',NULL,'','',NULL),(719,'2019-04-03',41,302,36,'',NULL,'','',NULL),(720,'2019-04-03',41,302,29,'This is done.',NULL,'','',NULL),(721,'2019-04-04',41,303,36,'',NULL,'','',NULL),(722,'2019-04-04',39,304,34,'',NULL,'','',NULL),(723,'2019-04-04',39,304,29,'This is done.',NULL,'','',NULL),(724,'2019-04-04',98,305,47,'',NULL,'','',NULL),(725,'2019-04-04',41,303,29,'This is done.',NULL,'','',NULL),(726,'2019-04-04',98,306,47,'',NULL,'','',NULL),(727,'2019-04-04',98,305,29,'This is done.',NULL,'','',NULL),(728,'2019-04-04',98,306,29,'This is done.',NULL,'','',NULL),(729,'2019-04-04',52,307,51,'',NULL,'','',NULL),(730,'2019-04-04',52,307,29,'This is done.',NULL,'','',NULL),(731,'2019-04-04',41,308,36,'',NULL,'','',NULL),(732,'2019-04-04',41,308,29,'This is done.',NULL,'','',NULL),(733,'2019-04-05',41,309,36,'',NULL,'','',NULL),(734,'2019-04-05',50,310,50,'',NULL,'','',NULL),(735,'2019-04-05',98,311,47,'',NULL,'','',NULL),(736,'2019-04-05',41,309,29,'This is done.',NULL,'','',NULL),(737,'2019-04-05',98,311,29,'This is done.',NULL,'','',NULL),(738,'2019-04-05',52,312,51,'',NULL,'','',NULL),(739,'2019-04-05',41,313,36,'',NULL,'','',NULL),(740,'2019-04-05',41,313,29,'This is done.',NULL,'','',NULL),(741,'2019-04-05',50,314,50,'',NULL,'','',NULL),(742,'2019-04-08',52,312,29,'This is done.',NULL,'','',NULL),(743,'2019-04-08',98,315,47,'',NULL,'','',NULL),(744,'2019-04-08',47,316,35,'',NULL,'','',NULL),(745,'2019-04-08',47,316,29,'This is done.',NULL,'','',NULL),(746,'2019-04-08',50,314,29,'This is done.\r\n',NULL,'','',NULL),(747,'2019-04-08',50,310,29,'Sir M10085,M10265 GRNs cancelled instead of delete AND M02100 not deleted because it has been taken already for work order.',NULL,'','',NULL),(748,'2019-04-08',98,317,47,'',NULL,'','',NULL),(749,'2019-04-08',98,317,29,'This is done.',NULL,'','',NULL),(750,'2019-04-08',41,318,36,'',NULL,'','',NULL),(751,'2019-04-08',41,318,29,'This is done.',NULL,'','',NULL),(752,'2019-04-09',50,319,50,'',NULL,'','',NULL),(753,'2019-04-09',98,315,29,'This is done.',NULL,'','',NULL),(754,'2019-04-09',50,319,29,'This is done.',NULL,'','',NULL),(755,'2019-04-09',41,320,36,'',NULL,'','',NULL),(756,'2019-04-09',50,321,50,'',NULL,'','',NULL),(757,'2019-04-09',41,320,29,'This is done.',NULL,'','',NULL),(758,'2019-04-09',50,321,29,'This is done.',NULL,'','',NULL),(759,'2019-04-09',41,322,36,'',NULL,'','',NULL),(760,'2019-04-09',41,322,29,'This is done.',NULL,'','',NULL),(761,'2019-04-09',41,323,36,'',NULL,'','',NULL),(762,'2019-04-10',52,324,51,'',NULL,'','',NULL),(763,'2019-04-10',39,325,34,'',NULL,'','',NULL),(764,'2019-04-10',52,324,29,'This is done.',NULL,'','',NULL),(765,'2019-04-10',39,325,29,'This is done.',NULL,'','',NULL),(766,'2019-04-11',41,326,36,'',NULL,'','',NULL),(767,'2019-04-11',63,327,46,'',NULL,'','',NULL),(768,'2019-04-11',41,326,29,'This is done.',NULL,'','',NULL),(769,'2019-04-11',41,323,29,'This is done.',NULL,'','',NULL),(770,'2019-04-11',63,327,29,'This is done.',NULL,'','',NULL),(771,'2019-04-11',41,328,36,'',NULL,'','',NULL),(772,'2019-04-11',41,328,29,'Wo type change not done. Remaining done.',NULL,'','',NULL),(773,'2019-04-12',98,329,47,'',NULL,'','',NULL),(774,'2019-04-12',98,329,29,'This is done.',NULL,'','',NULL),(775,'2019-04-15',41,330,36,'',NULL,'','',NULL),(776,'2019-04-15',41,330,29,'This is done.',NULL,'','',NULL),(777,'2019-04-16',41,331,36,'',NULL,'','',NULL),(778,'2019-04-16',39,332,34,'',NULL,'','',NULL),(779,'2019-04-16',39,332,29,'This is done.',NULL,'','',NULL),(780,'2019-04-16',41,333,36,'',NULL,'','',NULL),(781,'2019-04-16',41,333,29,'This is done.',NULL,'','',NULL),(782,'2019-04-16',41,331,29,'This is done.',NULL,'','',NULL),(783,'2019-04-16',98,334,47,'',NULL,'','',NULL),(784,'2019-04-16',98,334,29,'This is done.',NULL,'','',NULL),(785,'2019-04-17',63,335,46,'',NULL,'','',NULL),(786,'2019-04-17',98,336,47,'',NULL,'','',NULL),(787,'2019-04-17',98,337,47,'',NULL,'','',NULL),(788,'2019-04-17',52,338,51,'',NULL,'','',NULL),(789,'2019-04-17',98,336,29,'This is done.',NULL,'','',NULL),(790,'2019-04-17',98,337,29,'This is done.',NULL,'','',NULL),(791,'2019-04-19',41,339,36,'',NULL,'','',NULL),(792,'2019-04-19',41,339,29,'Sir, 18-717A not done.\r\nRemaining Schedule done. ',NULL,'','',NULL),(793,'2019-04-19',52,338,29,'This is done.',NULL,'','',NULL),(794,'2019-04-19',63,335,29,'This is done.',NULL,'','',NULL),(795,'2019-04-19',41,340,36,'',NULL,'','',NULL),(796,'2019-04-19',41,340,29,'This is done..',NULL,'','',NULL),(797,'2019-04-19',41,341,36,'',NULL,'','',NULL),(798,'2019-04-21',41,341,29,'This is done.',NULL,'','',NULL),(799,'2019-04-22',98,342,47,'',NULL,'','',NULL),(800,'2019-04-22',98,342,29,'This is done.',NULL,'','',NULL),(801,'2019-04-22',41,343,36,'',NULL,'','',NULL),(802,'2019-04-22',41,343,29,'This is done.',NULL,'','',NULL),(803,'2019-04-23',41,344,36,'',NULL,'','',NULL),(804,'2019-04-23',41,344,29,'This is done.',NULL,'','',NULL),(805,'2019-04-24',63,345,46,'',NULL,'','',NULL),(806,'2019-04-25',41,346,36,'',NULL,'','',NULL),(807,'2019-04-25',41,346,29,'This is done.',NULL,'','',NULL),(808,'2019-04-25',63,347,46,'',NULL,'','',NULL),(809,'2019-04-25',41,348,36,'',NULL,'','',NULL),(810,'2019-04-25',41,348,29,'This is done.',NULL,'','',NULL),(811,'2019-04-25',98,349,47,'',NULL,'','',NULL),(812,'2019-04-25',41,350,36,'',NULL,'','',NULL),(813,'2019-04-25',41,350,29,'This is done.',NULL,'','',NULL),(814,'2019-04-25',98,349,29,'This is done.',NULL,'','',NULL),(815,'2019-04-25',63,345,29,'This is done.',NULL,'','',NULL),(816,'2019-04-26',98,351,47,'',NULL,'','',NULL),(817,'2019-04-26',98,352,47,'',NULL,'','',NULL),(818,'2019-04-26',98,352,29,'This is done.',NULL,'','',NULL),(819,'2019-04-26',63,347,29,'This is done.',NULL,'','',NULL),(820,'2019-04-26',98,351,29,'This is done.',NULL,'','',NULL),(821,'2019-04-26',41,353,36,'',NULL,'','',NULL),(822,'2019-04-26',41,353,29,'This is done.',NULL,'','',NULL),(823,'2019-04-29',52,354,51,'',NULL,'','',NULL),(824,'2019-04-29',52,354,29,'This is done.',NULL,'','',NULL),(825,'2019-04-29',53,355,51,'',NULL,'','',NULL),(826,'2019-04-29',53,355,29,'This is done.',NULL,'','',NULL),(827,'2019-04-29',52,356,51,'',NULL,'','',NULL),(828,'2019-04-29',52,356,29,'This is done.',NULL,'','',NULL),(829,'2019-04-30',41,357,36,'',NULL,'','',NULL),(830,'2019-04-30',41,357,29,'This is done.',NULL,'','',NULL),(831,'2019-04-30',53,358,51,'',NULL,'','',NULL),(832,'2019-04-30',41,359,36,'',NULL,'','',NULL),(833,'2019-04-30',53,358,29,'This is done.',NULL,'','',NULL),(834,'2019-04-30',41,359,29,'This is done.',NULL,'','',NULL),(835,'2019-05-02',41,360,36,'',NULL,'','',NULL),(836,'2019-05-02',41,360,29,'This is done.',NULL,'','',NULL),(837,'2019-05-03',63,361,46,'',NULL,'','',NULL),(838,'2019-05-03',41,362,36,'',NULL,'','',NULL),(839,'2019-05-03',41,362,29,'This is done.',NULL,'','',NULL),(840,'2019-05-03',63,361,29,'This is done.',NULL,'','',NULL),(841,'2019-05-06',41,363,36,'',NULL,'','',NULL),(842,'2019-05-06',41,363,29,'This is done.',NULL,'','',NULL),(843,'2019-05-07',98,364,47,'',NULL,'','',NULL),(844,'2019-05-07',98,364,29,'This is done.',NULL,'','',NULL),(845,'2019-05-07',52,365,51,'',NULL,'','',NULL),(846,'2019-05-07',52,365,29,'This is done.',NULL,'','',NULL),(847,'2019-05-07',98,366,47,'',NULL,'','',NULL),(848,'2019-05-07',98,366,29,'This is done.',NULL,'','',NULL),(849,'2019-05-08',41,367,36,'',NULL,'','',NULL),(850,'2019-05-09',98,368,47,'',NULL,'','',NULL),(851,'2019-05-09',98,368,29,'This is done.',NULL,'','',NULL),(852,'2019-05-09',41,367,29,'This is done.',NULL,'','',NULL),(853,'2019-05-09',98,369,47,'',NULL,'','',NULL),(854,'2019-05-09',52,370,51,'',NULL,'','',NULL),(855,'2019-05-09',98,369,29,'This is done.',NULL,'','',NULL),(856,'2019-05-09',52,370,29,'This is done.',NULL,'','',NULL),(857,'2019-05-10',41,371,36,'',NULL,'','',NULL),(858,'2019-05-10',98,372,47,'',NULL,'','',NULL),(859,'2019-05-10',41,371,29,'This is done.',NULL,'','',NULL),(860,'2019-05-10',98,373,47,'',NULL,'','',NULL),(861,'2019-05-10',98,372,29,'This is done.',NULL,'','',NULL),(862,'2019-05-10',98,373,29,'This is done.',NULL,'','',NULL),(863,'2019-05-10',98,374,47,'',NULL,'','',NULL),(864,'2019-05-10',98,374,29,'This is done.',NULL,'','',NULL),(865,'2019-05-13',39,375,34,'',NULL,'','',NULL),(866,'2019-05-13',39,375,29,'This is done.',NULL,'','',NULL),(867,'2019-05-13',41,376,36,'',NULL,'','',NULL),(868,'2019-05-13',41,376,29,'This is done.',NULL,'','',NULL),(869,'2019-05-14',46,377,46,'',NULL,'','',NULL),(870,'2019-05-14',46,377,29,'This is done.',NULL,'','',NULL),(871,'2019-05-14',41,378,36,'',NULL,'','',NULL),(872,'2019-05-14',41,378,29,'This is done.',NULL,'','',NULL),(873,'2019-05-15',98,379,47,'',NULL,'','',NULL),(874,'2019-05-15',98,379,29,'This is done.',NULL,'','',NULL),(875,'2019-05-15',98,380,47,'',NULL,'','',NULL),(876,'2019-05-15',41,381,36,'',NULL,'','',NULL),(877,'2019-05-15',98,380,29,'This is done.',NULL,'','',NULL),(878,'2019-05-15',41,381,29,'This is done.',NULL,'','',NULL),(879,'2019-05-16',41,382,36,'',NULL,'','',NULL),(880,'2019-05-16',41,382,29,'This is done.',NULL,'','',NULL),(881,'2019-05-17',41,383,36,'',NULL,'','',NULL),(882,'2019-05-17',41,384,36,'',NULL,'','',NULL),(883,'2019-05-17',41,384,29,'This is done.',NULL,'','',NULL),(884,'2019-05-17',41,384,29,'This is done.',NULL,'','',NULL),(885,'2019-05-17',41,383,29,'This is done.',NULL,'','',NULL),(886,'2019-05-20',41,385,36,'',NULL,'','',NULL),(887,'2019-05-20',41,385,29,'This is done.',NULL,'','',NULL),(888,'2019-05-21',52,386,51,'',NULL,'','',NULL),(889,'2019-05-21',52,387,51,'',NULL,'','',NULL),(890,'2019-05-21',52,387,29,'This is done.',NULL,'','',NULL),(891,'2019-05-21',52,386,29,'This is done.\r\n',NULL,'','',NULL),(892,'2019-05-21',41,388,36,'',NULL,'','',NULL),(893,'2019-05-21',41,388,29,'This is done.',NULL,'','',NULL),(894,'2019-05-22',41,389,36,'',NULL,'','',NULL),(895,'2019-05-24',41,390,36,'',NULL,'','',NULL),(896,'2019-05-24',41,390,29,'This is done.',NULL,'','',NULL),(897,'2019-05-24',52,391,51,'',NULL,'','',NULL),(898,'2019-05-24',41,392,36,'',NULL,'','',NULL),(899,'2019-05-24',41,392,29,'This is done.',NULL,'','',NULL),(900,'2019-05-24',52,391,29,'This is done.',NULL,'','',NULL),(901,'2019-05-24',41,389,29,'This is done.',NULL,'','',NULL),(902,'2019-05-24',53,393,51,'',NULL,'','',NULL),(903,'2019-05-24',41,394,36,'',NULL,'','',NULL),(904,'2019-05-24',41,394,29,'This is done.',NULL,'','',NULL),(905,'2019-05-24',53,393,29,'This is done.',NULL,'','',NULL),(906,'2019-05-24',41,395,36,'',NULL,'','',NULL),(907,'2019-05-24',41,395,29,'This is done.',NULL,'','',NULL),(908,'2019-05-27',41,396,36,'',NULL,'','',NULL),(909,'2019-05-27',41,396,29,'This is done.',NULL,'','',NULL),(910,'2019-05-28',98,397,47,'',NULL,'','',NULL),(911,'2019-05-28',98,397,29,'This is done.',NULL,'','',NULL),(912,'2019-05-29',41,398,36,'',NULL,'','',NULL),(913,'2019-05-29',41,398,29,'This is done.',NULL,'','',NULL),(914,'2019-05-29',52,399,51,'',NULL,'','',NULL),(915,'2019-05-29',52,399,29,'This is done.',NULL,'','',NULL),(916,'2019-05-30',41,400,36,'',NULL,'','',NULL),(917,'2019-05-30',41,400,29,'This is done.',NULL,'','',NULL),(918,'2019-05-30',98,401,47,'',NULL,'','',NULL),(919,'2019-05-30',98,401,29,'This is done.',NULL,'','',NULL),(920,'2019-05-30',52,402,51,'',NULL,'','',NULL),(921,'2019-05-30',52,402,29,'This is done.',NULL,'','',NULL),(922,'2019-05-31',39,403,34,'',NULL,'','',NULL),(923,'2019-05-31',39,404,34,'',NULL,'','',NULL),(924,'2019-05-31',52,405,51,'',NULL,'','',NULL),(925,'2019-05-31',39,404,29,'This is done.',NULL,'','',NULL),(926,'2019-05-31',39,403,29,'This is done.',NULL,'','',NULL),(927,'2019-05-31',52,405,29,'This is done.',NULL,'','',NULL),(928,'2019-05-31',53,406,51,'',NULL,'','',NULL),(929,'2019-05-31',53,406,29,'This is done.',NULL,'','',NULL),(930,'2019-05-31',53,407,51,'',NULL,'','',NULL),(931,'2019-05-31',53,407,29,'This is done.',NULL,'','',NULL),(932,'2019-06-01',53,408,51,'',NULL,'','',NULL),(933,'2019-06-01',39,409,34,'',NULL,'','',NULL),(934,'2019-06-01',39,409,29,'This is done.',NULL,'','',NULL),(935,'2019-06-01',98,410,47,'',NULL,'','',NULL),(936,'2019-06-01',98,410,29,'This is done.',NULL,'','',NULL),(937,'2019-06-01',98,411,47,'',NULL,'','',NULL),(938,'2019-06-03',53,412,51,'',NULL,'','',NULL),(939,'2019-06-03',98,411,29,'This is done.',NULL,'','',NULL),(940,'2019-06-03',53,413,51,'',NULL,'','',NULL),(941,'2019-06-03',53,413,29,'This is done.',NULL,'','',NULL),(942,'2019-06-03',53,412,29,'This is done.',NULL,'','',NULL),(943,'2019-06-03',41,414,36,'',NULL,'','',NULL),(944,'2019-06-03',41,414,29,'This is done.',NULL,'','',NULL),(945,'2019-06-03',41,415,36,'',NULL,'','',NULL),(946,'2019-06-04',41,415,29,'This is done.',NULL,'','',NULL),(947,'2019-06-04',41,416,36,'',NULL,'','',NULL),(948,'2019-06-04',41,416,29,'This is done.',NULL,'','',NULL),(949,'2019-06-04',41,417,36,'',NULL,'','',NULL),(950,'2019-06-04',98,418,47,'',NULL,'','',NULL),(951,'2019-06-04',41,417,29,'This is done.',NULL,'','',NULL),(952,'2019-06-04',98,418,29,'This is done.\r\n',NULL,'','',NULL),(953,'2019-06-05',52,419,51,'',NULL,'','',NULL),(954,'2019-06-05',52,420,51,'',NULL,'','',NULL),(955,'2019-06-05',41,421,36,'',NULL,'','',NULL),(956,'2019-06-05',69,422,34,'',NULL,'','',NULL),(957,'2019-06-05',39,423,34,'',NULL,'','',NULL),(958,'2019-06-05',39,423,29,'This is done.',NULL,'','',NULL),(959,'2019-06-05',52,420,29,'This is done.',NULL,'','',NULL),(960,'2019-06-05',52,419,29,'This is done.',NULL,'','',NULL),(961,'2019-06-05',39,424,34,'',NULL,'','',NULL),(962,'2019-06-05',41,421,29,'This is done.',NULL,'','',NULL),(963,'2019-06-05',52,425,51,'',NULL,'','',NULL),(964,'2019-06-05',52,426,51,'',NULL,'','',NULL),(965,'2019-06-05',52,425,29,'This is done.',NULL,'','',NULL),(966,'2019-06-05',52,426,29,'This is done.',NULL,'','',NULL),(967,'2019-06-06',98,427,47,'',NULL,'','',NULL),(968,'2019-06-06',41,428,36,'',NULL,'','',NULL),(969,'2019-06-06',41,428,2,'This is done.',NULL,'','',NULL),(970,'2019-06-06',98,429,47,'',NULL,'','',NULL),(971,'2019-06-06',39,430,34,'',NULL,'','',NULL),(972,'2019-06-06',39,431,34,'',NULL,'','',NULL),(973,'2019-06-06',39,430,29,'This is done.',NULL,'','',NULL),(974,'2019-06-06',39,432,34,'',NULL,'','',NULL),(975,'2019-06-06',41,433,36,'',NULL,'','',NULL),(976,'2019-06-06',39,434,34,'',NULL,'','',NULL),(977,'2019-06-06',53,435,51,'',NULL,'','',NULL),(978,'2019-06-06',39,434,29,'This is done.',NULL,'','',NULL),(979,'2019-06-06',39,432,29,'This is done.',NULL,'','',NULL),(980,'2019-06-06',39,431,29,'This is done.',NULL,'','',NULL),(981,'2019-06-06',39,424,29,'This is done.',NULL,'','',NULL),(982,'2019-06-07',69,422,29,'This is done.',NULL,'','',NULL),(983,'2019-06-07',39,436,34,'',NULL,'','',NULL),(984,'2019-06-07',53,435,29,'This is done.',NULL,'','',NULL),(985,'2019-06-07',98,427,29,'This is done.',NULL,'','',NULL),(986,'2019-06-07',39,436,29,'This is done.',NULL,'','',NULL),(987,'2019-06-07',98,429,29,'This is done.',NULL,'','',NULL),(988,'2019-06-07',41,433,29,'This is done.',NULL,'','',NULL),(989,'2019-06-07',41,437,36,'',NULL,'','',NULL),(990,'2019-06-07',52,438,51,'',NULL,'','',NULL),(991,'2019-06-07',52,439,51,'',NULL,'','',NULL),(992,'2019-06-07',52,440,51,'',NULL,'','',NULL),(993,'2019-06-07',52,438,29,'This is done.',NULL,'','',NULL),(994,'2019-06-07',53,408,29,'This is done.',NULL,'','',NULL),(995,'2019-06-07',52,440,29,'This is done.',NULL,'','',NULL),(996,'2019-06-07',63,441,46,'',NULL,'','',NULL),(997,'2019-06-07',52,442,51,'',NULL,'','',NULL),(998,'2019-06-07',52,442,29,'This is done.',NULL,'','',NULL),(999,'2019-06-07',98,443,47,'',NULL,'','',NULL),(1000,'2019-06-07',41,437,29,'This is done.',NULL,'','',NULL),(1001,'2019-06-07',98,443,29,'This is done.',NULL,'','',NULL),(1002,'2019-06-07',52,444,51,'',NULL,'','',NULL),(1003,'2019-06-07',98,445,47,'',NULL,'','',NULL),(1004,'2019-06-07',41,446,36,'',NULL,'','',NULL),(1005,'2019-06-07',52,444,29,'This is done.',NULL,'','',NULL),(1006,'2019-06-07',98,445,29,'This is done.',NULL,'','',NULL),(1007,'2019-06-07',41,446,29,'This is done.',NULL,'','',NULL),(1008,'2019-06-08',41,447,36,'',NULL,'','',NULL),(1009,'2019-06-10',98,448,47,'',NULL,'','',NULL),(1010,'2019-06-10',98,448,29,'This is done.',NULL,'','',NULL),(1011,'2019-06-10',41,447,29,'This is done.',NULL,'','',NULL),(1012,'2019-06-10',63,441,29,'This is done.',NULL,'','',NULL),(1013,'2019-06-10',41,449,36,'',NULL,'','',NULL),(1014,'2019-06-10',98,450,47,'',NULL,'','',NULL),(1015,'2019-06-10',98,450,29,'This is done.',NULL,'','',NULL),(1016,'2019-06-10',98,451,47,'',NULL,'','',NULL),(1017,'2019-06-10',41,449,29,'This is done.',NULL,'','',NULL),(1018,'2019-06-10',98,451,29,'This is done.',NULL,'','',NULL),(1019,'2019-06-10',41,452,36,'',NULL,'','',NULL),(1020,'2019-06-10',41,452,29,'This is done.',NULL,'','',NULL),(1021,'2019-06-11',98,453,47,'',NULL,'','',NULL),(1022,'2019-06-11',98,453,29,'This is done.',NULL,'','',NULL),(1023,'2019-06-11',52,454,51,'',NULL,'','',NULL),(1024,'2019-06-12',52,454,29,'This is done.',NULL,'','',NULL),(1025,'2019-06-12',41,455,36,'',NULL,'','',NULL),(1026,'2019-06-12',41,455,29,'This is done.',NULL,'','',NULL),(1027,'2019-06-12',53,456,51,'',NULL,'','',NULL),(1028,'2019-06-12',53,456,29,'This is done.',NULL,'','',NULL),(1029,'2019-06-12',53,457,51,'',NULL,'','',NULL),(1030,'2019-06-12',53,457,29,'This is done.',NULL,'','',NULL),(1031,'2019-06-12',53,458,51,'',NULL,'','',NULL),(1032,'2019-06-12',53,458,29,'This is done.',NULL,'','',NULL),(1033,'2019-06-12',48,459,41,'',NULL,'','',NULL),(1034,'2019-06-12',48,459,29,'This is done.',NULL,'','',NULL),(1035,'2019-06-13',51,460,39,'',NULL,'','',NULL),(1036,'2019-06-13',56,461,39,'',NULL,'','',NULL),(1037,'2019-06-13',56,461,29,'This is done.',NULL,'','',NULL),(1038,'2019-06-13',51,460,29,'This is done.',NULL,'','',NULL),(1039,'2019-06-13',98,462,47,'',NULL,'','',NULL),(1040,'2019-06-13',66,463,39,'',NULL,'','',NULL),(1041,'2019-06-14',39,464,34,'',NULL,'','',NULL),(1042,'2019-06-14',39,464,29,'This is done.',NULL,'','',NULL),(1043,'2019-06-14',39,465,34,'',NULL,'','',NULL),(1044,'2019-06-14',39,465,29,'This is done.',NULL,'','',NULL),(1045,'2019-06-17',39,466,34,'',NULL,'','',NULL),(1046,'2019-06-17',39,466,29,'This is done.',NULL,'','',NULL),(1047,'2019-06-18',41,467,36,'',NULL,'','',NULL),(1048,'2019-06-18',41,468,36,'',NULL,'','',NULL),(1049,'2019-06-18',41,467,29,'This is done.',NULL,'','',NULL),(1050,'2019-06-18',41,468,29,'This is done.',NULL,'','',NULL),(1051,'2019-06-18',41,469,36,'',NULL,'','',NULL),(1052,'2019-06-18',41,469,29,'This is done.',NULL,'','',NULL),(1053,'2019-06-18',41,470,36,'',NULL,'','',NULL),(1054,'2019-06-18',41,470,29,'This is done.',NULL,'','',NULL),(1055,'2019-06-19',41,471,36,'',NULL,'','',NULL),(1056,'2019-06-19',41,471,29,'This is done.',NULL,'','',NULL),(1057,'2019-06-20',66,463,29,'This is done.',NULL,'','',NULL),(1058,'2019-06-20',41,472,36,'',NULL,'','',NULL),(1059,'2019-06-20',41,473,36,'',NULL,'','',NULL),(1060,'2019-06-20',41,472,29,'This is done.',NULL,'','',NULL),(1061,'2019-06-20',41,473,29,'This is done.',NULL,'','',NULL),(1062,'2019-06-20',39,474,34,'',NULL,'','',NULL),(1063,'2019-06-20',39,474,29,'This is done.',NULL,'','',NULL),(1064,'2019-06-20',39,475,34,'',NULL,'','',NULL),(1065,'2019-06-20',39,475,29,'This is done.',NULL,'','',NULL),(1066,'2019-06-20',41,476,36,'',NULL,'','',NULL),(1067,'2019-06-20',39,477,34,'',NULL,'','',NULL),(1068,'2019-06-20',39,477,29,'This is done.',NULL,'','',NULL),(1069,'2019-06-20',39,478,34,'',NULL,'','',NULL),(1070,'2019-06-20',41,476,29,'This is done.\r\n',NULL,'','',NULL),(1071,'2019-06-20',39,478,29,'This is done.',NULL,'','',NULL),(1072,'2019-06-21',98,479,47,'',NULL,'','',NULL),(1073,'2019-06-21',39,480,34,'',NULL,'','',NULL),(1074,'2019-06-21',98,479,29,'This is done.',NULL,'','',NULL),(1075,'2019-06-21',39,480,29,'This is done.',NULL,'','',NULL),(1076,'2019-06-21',98,462,29,'This is done.',NULL,'','',NULL),(1077,'2019-06-21',98,481,47,'',NULL,'','',NULL),(1078,'2019-06-21',98,481,29,'This is done.',NULL,'','',NULL),(1079,'2019-06-21',39,482,34,'',NULL,'','',NULL),(1080,'2019-06-21',39,483,34,'',NULL,'','',NULL),(1081,'2019-06-21',39,482,29,'This is done.',NULL,'','',NULL),(1082,'2019-06-21',39,483,29,'This is done.',NULL,'','',NULL),(1083,'2019-06-24',41,484,36,'',NULL,'','',NULL),(1084,'2019-06-24',41,484,29,'This is done.',NULL,'','',NULL),(1085,'2019-06-24',41,485,36,'',NULL,'','',NULL),(1086,'2019-06-24',41,485,29,'This is done.',NULL,'','',NULL),(1087,'2019-06-24',53,486,51,'',NULL,'','',NULL),(1088,'2019-06-24',53,486,29,'This is done.',NULL,'','',NULL),(1089,'2019-06-25',41,487,36,'',NULL,'','',NULL),(1090,'2019-06-25',98,488,47,'',NULL,'','',NULL),(1091,'2019-06-25',41,489,36,'',NULL,'','',NULL),(1092,'2019-06-25',41,487,29,'This is done.',NULL,'','',NULL),(1093,'2019-06-25',41,489,29,'This is done.',NULL,'','',NULL),(1094,'2019-06-25',98,488,29,'This is done.',NULL,'','',NULL),(1095,'2019-06-26',41,490,36,'',NULL,'','',NULL),(1096,'2019-06-26',41,490,29,'This is done.',NULL,'','',NULL),(1097,'2019-06-27',98,491,47,'',NULL,'','',NULL),(1098,'2019-06-27',98,491,29,'This is done.',NULL,'','',NULL),(1099,'2019-06-27',98,492,47,'',NULL,'','',NULL),(1100,'2019-06-27',52,493,51,'',NULL,'','',NULL),(1101,'2019-06-27',98,492,29,'This is done.',NULL,'','',NULL),(1102,'2019-06-27',52,493,29,'This is done.',NULL,'','',NULL),(1103,'2019-06-27',39,494,34,'',NULL,'','',NULL),(1104,'2019-06-27',39,494,29,'This is done.',NULL,'','',NULL),(1105,'2019-06-27',98,495,47,'',NULL,'','',NULL),(1106,'2019-06-27',98,495,29,'This is done.',NULL,'','',NULL),(1107,'2019-06-27',98,496,47,'',NULL,'','',NULL),(1108,'2019-06-27',98,496,29,'This is done.',NULL,'','',NULL),(1109,'2019-06-28',41,497,36,'',NULL,'','',NULL),(1110,'2019-06-28',41,497,29,'This is done.',NULL,'','',NULL),(1111,'2019-06-29',41,498,36,'',NULL,'','',NULL),(1112,'2019-07-01',41,498,29,'This is done.',NULL,'','',NULL),(1113,'2019-07-01',39,499,34,'',NULL,'','',NULL),(1114,'2019-07-01',39,499,29,'This is done.',NULL,'','',NULL),(1115,'2019-07-01',52,500,51,'',NULL,'','',NULL),(1116,'2019-07-01',52,500,29,'This is done.',NULL,'','',NULL),(1117,'2019-07-02',39,501,34,'',NULL,'','',NULL),(1118,'2019-07-02',39,501,29,'This is done.',NULL,'','',NULL),(1119,'2019-07-02',39,502,34,'',NULL,'','',NULL),(1120,'2019-07-02',39,502,29,'This is done.',NULL,'','',NULL),(1121,'2019-07-02',98,503,47,'',NULL,'','',NULL),(1122,'2019-07-03',41,504,36,'',NULL,'','',NULL),(1123,'2019-07-03',41,504,29,'This is done.',NULL,'','',NULL),(1124,'2019-07-03',98,503,29,'This is done.',NULL,'','',NULL),(1125,'2019-07-03',98,505,47,'',NULL,'','',NULL),(1126,'2019-07-03',41,506,36,'',NULL,'','',NULL),(1127,'2019-07-03',52,507,51,'',NULL,'','',NULL),(1128,'2019-07-03',41,506,29,'This is done.',NULL,'','',NULL),(1129,'2019-07-03',52,507,29,'This is done.',NULL,'','',NULL),(1130,'2019-07-04',98,508,47,'',NULL,'','',NULL),(1131,'2019-07-04',41,509,36,'',NULL,'','',NULL),(1132,'2019-07-04',41,510,36,'',NULL,'','',NULL),(1133,'2019-07-05',41,510,29,'This is done.',NULL,'','',NULL),(1134,'2019-07-05',41,509,29,'This is done.',NULL,'','',NULL),(1135,'2019-07-05',41,511,36,'',NULL,'','',NULL),(1136,'2019-07-08',41,511,29,'This is done.',NULL,'','',NULL),(1137,'2019-07-08',98,508,29,'This is done.',NULL,'','',NULL),(1138,'2019-07-09',39,512,34,'',NULL,'','',NULL),(1139,'2019-07-09',39,512,29,'This is done.',NULL,'','',NULL),(1140,'2019-07-10',52,513,51,'',NULL,'','',NULL),(1141,'2019-07-10',52,513,29,'This is done.',NULL,'','',NULL),(1142,'2019-07-10',39,514,34,'',NULL,'','',NULL),(1143,'2019-07-10',39,514,29,'This is done.',NULL,'','',NULL),(1144,'2019-07-10',52,515,51,'',NULL,'','',NULL),(1145,'2019-07-10',52,515,29,'This is done.',NULL,'','',NULL),(1146,'2019-07-11',41,516,36,'',NULL,'','',NULL),(1147,'2019-07-11',98,517,47,'',NULL,'','',NULL),(1148,'2019-07-11',98,517,29,'This is done.',NULL,'','',NULL),(1149,'2019-07-11',41,516,29,'This is done.',NULL,'','',NULL),(1150,'2019-07-11',41,518,36,'',NULL,'','',NULL),(1151,'2019-07-11',41,518,29,'This is done.',NULL,'','',NULL),(1152,'2019-07-11',98,519,47,'',NULL,'','',NULL),(1153,'2019-07-11',98,519,29,'This is done.',NULL,'','',NULL),(1154,'2019-07-11',41,520,36,'',NULL,'','',NULL),(1155,'2019-07-11',41,520,29,'This is done.',NULL,'','',NULL),(1156,'2019-07-11',39,521,34,'',NULL,'','',NULL),(1157,'2019-07-11',39,521,29,'This is done.',NULL,'','',NULL),(1158,'2019-07-11',98,522,47,'',NULL,'','',NULL),(1159,'2019-07-11',98,522,29,'This is done.',NULL,'','',NULL),(1160,'2019-07-12',53,523,51,'',NULL,'','',NULL),(1161,'2019-07-12',52,524,51,'',NULL,'','',NULL),(1162,'2019-07-12',52,524,29,'This is done.',NULL,'','',NULL),(1163,'2019-07-12',41,525,36,'',NULL,'','',NULL),(1164,'2019-07-12',53,523,29,'This is done.',NULL,'','',NULL),(1165,'2019-07-12',41,525,29,'This is done.',NULL,'','',NULL),(1166,'2019-07-12',98,526,47,'',NULL,'','',NULL),(1167,'2019-07-12',98,526,29,'This is done.',NULL,'','',NULL),(1168,'2019-07-15',52,527,51,'',NULL,'','',NULL),(1169,'2019-07-15',52,528,51,'',NULL,'','',NULL),(1170,'2019-07-15',52,527,29,'This is done.',NULL,'','',NULL),(1171,'2019-07-15',52,528,29,'This is done.',NULL,'','',NULL),(1172,'2019-07-15',52,529,51,'',NULL,'','',NULL),(1173,'2019-07-15',41,530,36,'',NULL,'','',NULL),(1174,'2019-07-15',41,530,29,'This is done.',NULL,'','',NULL),(1175,'2019-07-15',41,531,36,'',NULL,'','',NULL),(1176,'2019-07-15',52,529,29,'This is done.',NULL,'','',NULL),(1177,'2019-07-15',41,531,29,'This is done.',NULL,'','',NULL),(1178,'2019-07-16',41,532,36,'',NULL,'','',NULL),(1179,'2019-07-16',41,532,29,'This is done.',NULL,'','',NULL),(1180,'2019-07-16',41,533,36,'',NULL,'','',NULL),(1181,'2019-07-16',41,533,29,'This is done.',NULL,'','',NULL),(1182,'2019-07-17',41,534,36,'',NULL,'','',NULL),(1183,'2019-07-17',41,534,29,'This is done.',NULL,'','',NULL),(1184,'2019-07-17',52,535,51,'',NULL,'','',NULL),(1185,'2019-07-17',52,535,29,'This is done.',NULL,'','',NULL),(1186,'2019-07-17',41,536,36,'',NULL,'','',NULL),(1187,'2019-07-17',41,537,36,'',NULL,'','',NULL),(1188,'2019-07-17',41,537,29,'This is done.',NULL,'','',NULL),(1189,'2019-07-18',99,538,47,'',NULL,'','',NULL),(1190,'2019-07-18',99,538,29,'This is done.',NULL,'','',NULL),(1191,'2019-07-18',41,536,29,'This is done.',NULL,'','',NULL),(1192,'2019-07-18',41,539,36,'',NULL,'','',NULL),(1193,'2019-07-18',41,539,29,'This is done.',NULL,'','',NULL),(1194,'2019-07-18',99,540,47,'',NULL,'','',NULL),(1195,'2019-07-18',99,540,29,'This is done.',NULL,'','',NULL),(1196,'2019-07-19',52,541,51,'',NULL,'','',NULL),(1197,'2019-07-19',52,541,29,'This is done.',NULL,'','',NULL),(1198,'2019-07-19',52,542,51,'',NULL,'','',NULL),(1199,'2019-07-22',99,543,47,'',NULL,'','',NULL),(1200,'2019-07-22',99,543,29,'This is done.',NULL,'','',NULL),(1201,'2019-07-22',41,544,36,'',NULL,'','',NULL),(1202,'2019-07-22',41,544,29,'This is done.',NULL,'','',NULL),(1203,'2019-07-22',41,545,36,'',NULL,'','',NULL),(1204,'2019-07-22',39,546,34,'',NULL,'','',NULL),(1205,'2019-07-22',39,546,29,'This is done.',NULL,'','',NULL),(1206,'2019-07-22',41,545,29,'This is done.',NULL,'','',NULL),(1207,'2019-07-22',52,542,29,'This is done.',NULL,'','',NULL),(1208,'2019-07-23',41,547,36,'',NULL,'','',NULL),(1209,'2019-07-23',41,547,29,'This is done.',NULL,'','',NULL),(1210,'2019-07-23',39,548,34,'',NULL,'','',NULL),(1211,'2019-07-23',39,548,29,'Thia is done.',NULL,'','',NULL),(1212,'2019-07-23',39,549,34,'',NULL,'','',NULL),(1213,'2019-07-23',39,549,29,'This is done.',NULL,'','',NULL),(1214,'2019-07-23',41,550,36,'',NULL,'','',NULL),(1215,'2019-07-23',41,550,29,'This is done.',NULL,'','',NULL),(1216,'2019-07-24',39,551,34,'',NULL,'','',NULL),(1217,'2019-07-24',41,552,36,'',NULL,'','',NULL),(1218,'2019-07-24',41,553,36,'',NULL,'','',NULL),(1219,'2019-07-24',41,552,29,'This is done.',NULL,'','',NULL),(1220,'2019-07-24',41,553,29,'This is done.',NULL,'','',NULL),(1221,'2019-07-24',39,551,29,'This is done.',NULL,'','',NULL),(1222,'2019-07-25',99,554,47,'',NULL,'','',NULL),(1223,'2019-07-25',99,555,47,'',NULL,'','',NULL),(1224,'2019-07-25',99,554,29,'This is done.Please check it.',NULL,'','',NULL),(1225,'2019-07-25',99,555,29,'This is done.',NULL,'','',NULL),(1226,'2019-07-26',53,556,51,'',NULL,'','',NULL),(1227,'2019-07-26',53,556,29,'This is done.',NULL,'','',NULL),(1228,'2019-07-26',100,557,54,'',NULL,'','',NULL),(1229,'2019-07-26',100,557,29,'This is done.',NULL,'','',NULL),(1230,'2019-07-29',41,558,36,'',NULL,'','',NULL),(1231,'2019-07-29',41,558,29,'This is done.',NULL,'','',NULL),(1232,'2019-07-30',41,559,36,'',NULL,'','',NULL),(1233,'2019-07-30',41,559,29,'This is done.',NULL,'','',NULL),(1234,'2019-07-30',52,560,51,'',NULL,'','',NULL),(1235,'2019-07-30',52,560,29,'This is done.',NULL,'','',NULL),(1236,'2019-07-30',52,561,51,'',NULL,'','',NULL),(1237,'2019-07-30',52,561,29,'This is done.',NULL,'','',NULL),(1238,'2019-07-31',41,562,36,'',NULL,'','',NULL),(1239,'2019-07-31',41,562,29,'This is done.',NULL,'','',NULL),(1240,'2019-08-01',52,563,51,'',NULL,'','',NULL),(1241,'2019-08-01',52,563,29,'This is done.',NULL,'','',NULL),(1242,'2019-08-02',53,564,51,'',NULL,'','',NULL),(1243,'2019-08-02',101,565,46,'',NULL,'','',NULL),(1244,'2019-08-02',101,565,29,'This is done.',NULL,'','',NULL),(1245,'2019-08-02',53,564,29,'This is done.',NULL,'','',NULL),(1246,'2019-08-02',53,566,51,'',NULL,'','',NULL),(1247,'2019-08-02',53,566,29,'This is done.',NULL,'','',NULL),(1248,'2019-08-05',53,567,51,'',NULL,'','',NULL),(1249,'2019-08-05',53,567,29,'This is done.',NULL,'','',NULL),(1250,'2019-08-05',41,568,36,'',NULL,'','',NULL),(1251,'2019-08-05',41,568,29,'CRN 18A-737 mentioned sch is closed and dispatched.\r\n\r\nApart from that all other schedules done.\r\n',NULL,'','',NULL),(1252,'2019-08-06',41,569,36,'',NULL,'','',NULL),(1253,'2019-08-06',53,570,51,'',NULL,'','',NULL),(1254,'2019-08-06',41,569,29,'This is done.',NULL,'','',NULL),(1255,'2019-08-06',53,570,29,'This is done.',NULL,'','',NULL),(1256,'2019-08-06',53,571,51,'',NULL,'','',NULL),(1257,'2019-08-06',53,571,29,'This is done.',NULL,'','',NULL),(1258,'2019-08-07',99,572,47,'',NULL,'','',NULL),(1259,'2019-08-07',99,572,29,'This is done.',NULL,'','',NULL),(1260,'2019-08-07',41,573,36,'',NULL,'','',NULL),(1261,'2019-08-07',41,574,36,'',NULL,'','',NULL),(1262,'2019-08-07',41,574,29,'This is done.',NULL,'','',NULL),(1263,'2019-08-07',41,574,29,'This is done.',NULL,'','',NULL),(1264,'2019-08-08',41,573,29,'This is done.\r\n\r\nWO Type did not change I will discuss regarding this.',NULL,'','',NULL),(1265,'2019-08-08',41,575,36,'',NULL,'','',NULL),(1266,'2019-08-08',41,575,29,'This is done.',NULL,'','',NULL),(1267,'2019-08-09',41,576,36,'',NULL,'','',NULL),(1268,'2019-08-09',41,576,29,'This is done.',NULL,'','',NULL),(1269,'2019-08-13',41,577,36,'',NULL,'','',NULL),(1270,'2019-08-13',100,578,54,'',NULL,'','',NULL),(1271,'2019-08-13',100,578,29,'This is done.',NULL,'','',NULL),(1272,'2019-08-13',41,577,29,'This is done.',NULL,'','',NULL),(1273,'2019-08-16',102,579,50,'',NULL,'','',NULL),(1274,'2019-08-16',102,579,29,'This is done.',NULL,'','',NULL),(1275,'2019-08-20',99,580,47,'',NULL,'','',NULL),(1276,'2019-08-20',99,580,29,'This is done.',NULL,'','',NULL),(1277,'2019-08-21',101,581,46,'',NULL,'','',NULL),(1278,'2019-08-21',99,582,47,'',NULL,'','',NULL),(1279,'2019-08-21',99,582,29,'This is done.',NULL,'','',NULL),(1280,'2019-08-21',101,583,46,'',NULL,'','',NULL),(1281,'2019-08-21',53,584,51,'',NULL,'','',NULL),(1282,'2019-08-21',53,585,51,'',NULL,'','',NULL),(1283,'2019-08-21',53,584,29,'This is done.',NULL,'','',NULL),(1284,'2019-08-21',53,585,29,'This is done.',NULL,'','',NULL),(1285,'2019-08-21',53,586,51,'',NULL,'','',NULL),(1286,'2019-08-21',53,586,29,'This is done.',NULL,'','',NULL),(1287,'2019-08-21',101,581,29,'This is done.',NULL,'','',NULL),(1288,'2019-08-21',101,583,29,'This is done.',NULL,'','',NULL),(1289,'2019-08-21',53,587,51,'',NULL,'','',NULL),(1290,'2019-08-21',53,587,29,'This is done.',NULL,'','',NULL),(1291,'2019-08-21',41,588,36,'',NULL,'','',NULL),(1292,'2019-08-22',53,589,51,'',NULL,'','',NULL),(1293,'2019-08-22',53,589,29,'This is done.',NULL,'','',NULL),(1294,'2019-08-23',41,588,29,'This is done.',NULL,'','',NULL),(1295,'2019-08-26',41,590,36,'',NULL,'','',NULL),(1296,'2019-08-26',41,590,29,'This is done.',NULL,'','',NULL),(1297,'2019-08-27',100,591,54,'',NULL,'','',NULL),(1298,'2019-08-27',41,592,36,'',NULL,'','',NULL),(1299,'2019-08-27',100,591,29,'This is done.',NULL,'','',NULL),(1300,'2019-08-27',41,592,29,'This is done.',NULL,'','',NULL),(1301,'2019-08-28',41,593,36,'',NULL,'','',NULL),(1302,'2019-08-29',41,593,29,'This is done.',NULL,'','',NULL),(1303,'2019-08-30',41,594,36,'',NULL,'','',NULL),(1304,'2019-08-30',41,594,29,'This is done.',NULL,'','',NULL),(1305,'2019-09-03',99,595,47,'',NULL,'','',NULL),(1306,'2019-09-03',99,595,29,'This is done.',NULL,'','',NULL),(1307,'2019-09-04',100,596,54,'',NULL,'','',NULL),(1308,'2019-09-04',100,596,29,'This is done.',NULL,'','',NULL),(1309,'2019-09-04',53,597,51,'',NULL,'','',NULL),(1310,'2019-09-04',101,598,46,'',NULL,'','',NULL),(1311,'2019-09-04',101,598,29,'This is done.',NULL,'','',NULL),(1312,'2019-09-04',53,597,29,'This is done.',NULL,'','',NULL),(1313,'2019-09-05',99,599,47,'',NULL,'','',NULL),(1314,'2019-09-05',99,599,29,'This is done.',NULL,'','',NULL),(1315,'2019-09-06',41,600,36,'',NULL,'','',NULL),(1316,'2019-09-06',47,601,35,'',NULL,'','',NULL),(1317,'2019-09-06',47,601,29,'This is done.',NULL,'','',NULL),(1318,'2019-09-06',41,600,29,'This is done.',NULL,'','',NULL),(1319,'2019-09-09',41,602,36,'',NULL,'','',NULL),(1320,'2019-09-09',41,602,29,'This is done.',NULL,'','',NULL),(1321,'2019-09-10',41,603,36,'',NULL,'','',NULL),(1322,'2019-09-10',41,603,29,'This is done.',NULL,'','',NULL),(1323,'2019-09-11',53,604,51,'',NULL,'','',NULL),(1324,'2019-09-11',53,604,29,'This is done.',NULL,'','',NULL),(1325,'2019-09-11',53,605,51,'',NULL,'','',NULL),(1326,'2019-09-11',53,605,29,'This is done.',NULL,'','',NULL),(1327,'2019-09-12',53,606,51,'',NULL,'','',NULL),(1328,'2019-09-12',53,606,29,'This is done.',NULL,'','',NULL),(1329,'2019-09-13',101,607,46,'',NULL,'','',NULL),(1330,'2019-09-13',101,607,29,'This is done.',NULL,'','',NULL),(1331,'2019-09-17',41,608,36,'',NULL,'','',NULL),(1332,'2019-09-17',41,608,29,'Done.',NULL,'','',NULL),(1333,'2019-09-18',99,609,47,'',NULL,'','',NULL),(1334,'2019-09-18',53,610,51,'',NULL,'','',NULL),(1335,'2019-09-18',99,609,29,'This is done.',NULL,'','',NULL),(1336,'2019-09-18',53,610,29,'This is done.',NULL,'','',NULL),(1337,'2019-09-19',41,611,36,'',NULL,'','',NULL),(1338,'2019-09-19',100,612,54,'',NULL,'','',NULL),(1339,'2019-09-19',100,612,29,'Done.',NULL,'','',NULL),(1340,'2019-09-19',99,613,47,'',NULL,'','',NULL),(1341,'2019-09-19',99,613,29,'This is done.',NULL,'','',NULL),(1342,'2019-09-20',41,611,29,'This is done.',NULL,'','',NULL),(1343,'2019-09-23',99,614,47,'',NULL,'','',NULL),(1344,'2019-09-23',99,614,29,'This is done.',NULL,'','',NULL),(1345,'2019-09-23',53,615,51,'',NULL,'','',NULL),(1346,'2019-09-23',53,615,29,'This is done.',NULL,'','',NULL),(1347,'2019-09-24',101,616,46,'',NULL,'','',NULL),(1348,'2019-09-24',101,616,29,'This is done.',NULL,'','',NULL),(1349,'2019-09-24',101,617,46,'',NULL,'','',NULL),(1350,'2019-09-24',101,617,29,'This is done.',NULL,'','',NULL),(1351,'2019-09-27',99,618,47,'',NULL,'','',NULL),(1352,'2019-09-27',99,618,29,'This is done.',NULL,'','',NULL),(1353,'2019-09-27',41,619,36,'',NULL,'','',NULL),(1354,'2019-09-27',53,620,51,'',NULL,'','',NULL),(1355,'2019-09-27',41,619,29,'This is done.',NULL,'','',NULL),(1356,'2019-09-27',53,620,29,'This is done',NULL,'','',NULL),(1357,'2019-09-27',53,621,51,'',NULL,'','',NULL),(1358,'2019-09-27',53,621,29,'This is done.',NULL,'','',NULL),(1359,'2019-09-30',100,622,54,'',NULL,'','',NULL),(1360,'2019-09-30',100,622,29,'This is done.',NULL,'','',NULL),(1361,'2019-10-01',41,623,36,'',NULL,'','',NULL),(1362,'2019-10-01',41,623,29,'This is done.',NULL,'','',NULL),(1363,'2019-10-01',53,624,51,'',NULL,'','',NULL),(1364,'2019-10-01',53,624,29,'This is done.',NULL,'','',NULL),(1365,'2019-10-09',101,625,46,'',NULL,'','',NULL),(1366,'2019-10-09',41,626,36,'',NULL,'','',NULL),(1367,'2019-10-09',41,626,29,'18-075A not done',NULL,'','',NULL),(1368,'2019-10-09',41,626,29,'18-124B not done.',NULL,'','',NULL),(1369,'2019-10-09',41,626,29,'18-377B not done.',NULL,'','',NULL),(1370,'2019-10-09',41,626,29,'18A-107 not done.',NULL,'','',NULL),(1371,'2019-10-09',101,627,46,'',NULL,'','',NULL),(1372,'2019-10-10',101,625,29,'This is done.',NULL,'','',NULL),(1373,'2019-10-10',101,627,29,'This is done.',NULL,'','',NULL),(1374,'2019-10-11',53,628,51,'',NULL,'','',NULL),(1375,'2019-10-11',53,628,29,'This is done.',NULL,'','',NULL),(1376,'2019-10-11',99,629,47,'',NULL,'','',NULL),(1377,'2019-10-11',100,630,54,'',NULL,'','',NULL),(1378,'2019-10-11',100,630,29,'This is done.',NULL,'','',NULL),(1379,'2019-10-11',99,629,29,'This is done.',NULL,'','',NULL),(1380,'2019-10-15',53,631,51,'',NULL,'','',NULL),(1381,'2019-10-15',53,631,29,'This is done.',NULL,'','',NULL),(1382,'2019-10-15',100,632,54,'',NULL,'','',NULL),(1383,'2019-10-15',100,632,29,'This is done.',NULL,'','',NULL),(1384,'2019-10-16',41,633,36,'',NULL,'','',NULL),(1385,'2019-10-16',41,633,29,'This is done.',NULL,'','',NULL),(1386,'2019-10-16',53,634,51,'',NULL,'','',NULL),(1387,'2019-10-17',53,634,29,'This is done.',NULL,'','',NULL),(1388,'2019-10-17',53,635,51,'',NULL,'','',NULL),(1389,'2019-10-17',41,636,36,'',NULL,'','',NULL),(1390,'2019-10-17',53,635,29,'This is done.',NULL,'','',NULL),(1391,'2019-10-18',41,636,29,'This is done.',NULL,'','',NULL),(1392,'2019-10-19',53,637,51,'',NULL,'','',NULL),(1393,'2019-10-21',53,637,29,'This is done.',NULL,'','',NULL),(1394,'2019-10-21',53,638,51,'',NULL,'','',NULL),(1395,'2019-10-21',53,638,29,'This is done.',NULL,'','',NULL),(1396,'2019-10-22',99,639,47,'',NULL,'','',NULL),(1397,'2019-10-22',99,639,29,'This is done.',NULL,'','',NULL),(1398,'2019-10-23',41,640,36,'',NULL,'','',NULL),(1399,'2019-10-24',53,641,51,'',NULL,'','',NULL),(1400,'2019-10-24',53,641,29,'This is done.',NULL,'','',NULL),(1401,'2019-10-25',99,642,47,'',NULL,'','',NULL),(1402,'2019-10-25',99,642,29,'This is done.',NULL,'','',NULL),(1403,'2019-10-25',99,643,47,'',NULL,'','',NULL),(1404,'2019-10-25',99,643,29,'This is done',NULL,'','',NULL),(1405,'2019-10-30',41,644,36,'',NULL,'','',NULL),(1406,'2019-10-30',41,644,29,'This is done.',NULL,'','',NULL),(1407,'2019-10-31',99,645,47,'',NULL,'','',NULL),(1408,'2019-10-31',99,645,29,'This is done.',NULL,'','',NULL),(1409,'2019-10-31',99,646,47,'',NULL,'','',NULL),(1410,'2019-10-31',99,646,29,'This is done.',NULL,'','',NULL),(1411,'2019-10-31',99,647,47,'',NULL,'','',NULL),(1412,'2019-11-04',99,647,29,'This is done.',NULL,'','',NULL),(1413,'2019-11-06',53,648,51,'',NULL,'','',NULL),(1414,'2019-11-06',53,648,29,'This is done.',NULL,'','',NULL),(1415,'2019-11-07',41,649,36,'',NULL,'','',NULL),(1416,'2019-11-08',41,649,29,'This is done.',NULL,'','',NULL),(1417,'2019-11-08',99,650,47,'',NULL,'','',NULL),(1418,'2019-11-08',99,650,29,'This is done.',NULL,'','',NULL),(1419,'2019-11-11',99,651,47,'',NULL,'','',NULL),(1420,'2019-11-11',99,651,29,'This is done.',NULL,'','',NULL),(1421,'2019-11-12',53,652,51,'',NULL,'','',NULL),(1422,'2019-11-12',53,652,29,'This is done.',NULL,'','',NULL),(1423,'2019-11-14',99,653,47,'',NULL,'','',NULL),(1424,'2019-11-15',53,654,51,'',NULL,'','',NULL),(1425,'2019-11-15',53,654,29,'This is done.',NULL,'','',NULL),(1426,'2019-11-16',53,655,51,'',NULL,'','',NULL),(1427,'2019-11-18',99,653,29,'This is done.',NULL,'','',NULL),(1428,'2019-11-18',53,655,29,'This is done.',NULL,'','',NULL),(1429,'2019-11-20',100,656,54,'',NULL,'','',NULL),(1430,'2019-11-20',100,656,29,'This is done.',NULL,'','',NULL),(1431,'2019-11-20',53,657,51,'',NULL,'','',NULL),(1432,'2019-11-20',53,657,29,'This is done.',NULL,'','',NULL),(1433,'2019-11-21',41,658,36,'',NULL,'','',NULL),(1434,'2019-11-21',41,659,36,'',NULL,'','',NULL),(1435,'2019-11-21',41,658,29,'This is done.',NULL,'','',NULL),(1436,'2019-11-21',41,659,29,'This is done.',NULL,'','',NULL),(1437,'2019-11-25',99,660,47,'',NULL,'','',NULL),(1438,'2019-11-25',99,660,29,'This is done.',NULL,'','',NULL),(1439,'2019-11-25',53,661,51,'',NULL,'','',NULL),(1440,'2019-11-25',53,661,29,'This is done.',NULL,'','',NULL),(1441,'2019-11-27',101,662,46,'',NULL,'','',NULL),(1442,'2019-11-27',101,662,29,'This is done.',NULL,'','',NULL),(1443,'2019-12-02',99,663,47,'',NULL,'','',NULL),(1444,'2019-12-02',99,663,29,'This is done.',NULL,'','',NULL),(1445,'2019-12-02',99,664,47,'',NULL,'','',NULL),(1446,'2019-12-02',99,664,29,'This is done.',NULL,'','',NULL),(1447,'2019-12-03',101,665,46,'',NULL,'','',NULL),(1448,'2019-12-03',101,665,29,'This is done.',NULL,'','',NULL),(1449,'2019-12-03',53,666,51,'',NULL,'','',NULL),(1450,'2019-12-03',53,666,29,'This is done.',NULL,'','',NULL),(1451,'2019-12-04',41,667,36,'',NULL,'','',NULL),(1452,'2019-12-04',41,667,29,'This is done.',NULL,'','',NULL),(1453,'2019-12-04',99,668,47,'',NULL,'','',NULL),(1454,'2019-12-05',99,668,29,'This is done.',NULL,'','',NULL),(1455,'2019-12-06',41,669,36,'',NULL,'','',NULL),(1456,'2019-12-06',41,669,29,'This is done.',NULL,'','',NULL),(1457,'2019-12-10',41,670,36,'',NULL,'','',NULL),(1458,'2019-12-11',41,670,29,'This is done.',NULL,'','',NULL),(1459,'2019-12-16',53,671,51,'',NULL,'','',NULL),(1460,'2019-12-17',99,672,47,'',NULL,'','',NULL),(1461,'2019-12-17',99,673,47,'',NULL,'','',NULL),(1462,'2019-12-18',99,673,29,'This is done.',NULL,'','',NULL),(1463,'2019-12-20',41,674,36,'',NULL,'','',NULL),(1464,'2019-12-20',41,674,29,'Done',NULL,'','',NULL),(1465,'2019-12-26',100,675,54,'',NULL,'','',NULL),(1466,'2019-12-26',100,675,29,'This is done.',NULL,'','',NULL),(1467,'2019-12-27',53,676,51,'',NULL,'','',NULL),(1468,'2019-12-30',53,676,29,'This is done.',NULL,'','',NULL),(1469,'2019-12-31',99,677,47,'',NULL,'','',NULL),(1470,'2019-12-31',99,678,47,'',NULL,'','',NULL),(1471,'2019-12-31',99,678,29,'This is done.',NULL,'','',NULL),(1472,'2019-12-31',99,677,29,'This is done.',NULL,'','',NULL),(1473,'2020-01-01',53,679,51,'',NULL,'','',NULL),(1474,'2020-01-01',53,679,29,'This is done.',NULL,'','',NULL),(1475,'2020-01-01',41,680,36,'',NULL,'','',NULL),(1476,'2020-01-01',41,680,29,'This is done.',NULL,'','',NULL),(1477,'2020-01-01',99,681,47,'',NULL,'','',NULL),(1478,'2020-01-02',99,681,29,'This is done.',NULL,'','',NULL),(1479,'2020-01-02',99,672,29,'This is done.',NULL,'','',NULL),(1480,'2020-01-02',99,682,47,'',NULL,'','',NULL),(1481,'2020-01-03',53,671,29,'This is done.',NULL,'','',NULL),(1482,'2020-01-03',99,682,29,'This is done.',NULL,'','',NULL),(1483,'2020-01-03',99,683,47,'',NULL,'','',NULL),(1484,'2020-01-06',99,683,29,'This is done.',NULL,'','',NULL),(1485,'2020-01-07',99,684,47,'',NULL,'','',NULL),(1486,'2020-01-07',99,684,29,'This is done.',NULL,'','',NULL),(1487,'2020-01-07',53,685,51,'',NULL,'','',NULL),(1488,'2020-01-07',41,686,36,'',NULL,'','',NULL),(1489,'2020-01-07',53,685,29,'This is done.',NULL,'','',NULL),(1490,'2020-01-07',41,686,29,'This is done.',NULL,'','',NULL),(1491,'2020-01-10',100,687,54,'',NULL,'','',NULL),(1492,'2020-01-10',100,687,29,'This is done.',NULL,'','',NULL),(1493,'2020-01-12',100,688,54,'',NULL,'','',NULL),(1494,'2020-01-16',41,689,36,'',NULL,'','',NULL),(1495,'2020-01-17',41,689,29,'This is done.',NULL,'','',NULL),(1496,'2020-01-21',41,690,36,'',NULL,'','',NULL),(1497,'2020-01-22',100,688,29,'-',NULL,'','',NULL),(1498,'2020-01-22',41,690,29,'This is done.',NULL,'','',NULL),(1499,'2020-01-23',41,691,36,'',NULL,'','',NULL),(1500,'2020-01-23',41,691,29,'This is done.',NULL,'','',NULL),(1501,'2020-01-24',53,692,51,'',NULL,'','',NULL),(1502,'2020-01-24',53,692,29,'This is done.',NULL,'','',NULL),(1503,'2020-01-31',41,693,36,'',NULL,'','',NULL),(1504,'2020-01-31',41,693,29,'This is done.',NULL,'','',NULL),(1505,'2020-02-04',52,694,51,'',NULL,'','',NULL),(1506,'2020-02-04',52,694,29,'This is done.',NULL,'','',NULL),(1507,'2020-02-07',41,695,36,'',NULL,'','',NULL),(1508,'2020-02-10',41,695,29,'Done.',NULL,'','',NULL),(1509,'2020-02-10',52,696,51,'',NULL,'','',NULL),(1510,'2020-02-10',52,696,29,'This is done.',NULL,'','',NULL),(1511,'2020-02-10',41,697,36,'',NULL,'','',NULL),(1512,'2020-02-11',52,698,51,'',NULL,'','',NULL),(1513,'2020-02-11',52,698,29,'This is done.',NULL,'','',NULL),(1514,'2020-02-11',41,697,29,'This is done.',NULL,'','',NULL),(1515,'2020-02-14',53,699,51,'',NULL,'','',NULL),(1516,'2020-02-14',53,699,29,'This is done.',NULL,'','',NULL),(1517,'2020-02-14',52,700,51,'',NULL,'','',NULL),(1518,'2020-02-14',52,700,29,'This is done.',NULL,'','',NULL),(1519,'2020-02-17',52,701,51,'',NULL,'','',NULL),(1520,'2020-02-17',52,701,29,'This is done.',NULL,'','',NULL),(1521,'2020-02-17',53,702,51,'',NULL,'','',NULL),(1522,'2020-02-18',52,703,51,'',NULL,'','',NULL),(1523,'2020-02-18',52,703,29,'This is done.',NULL,'','',NULL),(1524,'2020-02-18',53,702,29,'This is done.',NULL,'','',NULL),(1525,'2020-02-18',52,704,51,'',NULL,'','',NULL),(1526,'2020-02-18',52,704,29,'This is done.',NULL,'','',NULL),(1527,'2020-02-20',52,705,51,'',NULL,'','',NULL),(1528,'2020-02-20',52,705,29,'This is done.',NULL,'','',NULL),(1529,'2020-02-25',41,706,36,'',NULL,'','',NULL),(1530,'2020-02-25',100,707,54,'',NULL,'','',NULL),(1531,'2020-02-25',100,707,29,'Done',NULL,'','',NULL),(1532,'2020-02-25',41,706,29,'Done.',NULL,'','',NULL),(1533,'2020-02-25',53,708,51,'',NULL,'','',NULL),(1534,'2020-02-25',53,708,29,'This is done.',NULL,'','',NULL),(1535,'2020-02-25',53,709,51,'',NULL,'','',NULL),(1536,'2020-02-25',53,709,29,'This is done.',NULL,'','',NULL),(1537,'2020-02-27',53,710,51,'',NULL,'','',NULL),(1538,'2020-02-27',53,710,29,'This is done.',NULL,'','',NULL),(1539,'2020-02-27',39,711,34,'',NULL,'','',NULL),(1540,'2020-02-27',39,711,29,'Done.',NULL,'','',NULL),(1541,'2020-02-28',53,712,51,'',NULL,'','',NULL),(1542,'2020-03-02',53,712,29,'Done.',NULL,'','',NULL),(1543,'2020-03-04',52,713,51,'',NULL,'','',NULL),(1544,'2020-03-04',52,713,29,'This is done.',NULL,'','',NULL),(1545,'2020-03-05',53,714,51,'',NULL,'','',NULL),(1546,'2020-03-05',53,714,29,'This is done.',NULL,'','',NULL),(1547,'2020-03-11',53,715,51,'',NULL,'','',NULL),(1548,'2020-03-11',53,715,29,'This is done.',NULL,'','',NULL),(1549,'2020-03-23',53,716,51,'',NULL,'','',NULL),(1550,'2020-03-23',53,717,51,'',NULL,'','',NULL),(1551,'2020-03-23',53,717,29,'This is done.',NULL,'','',NULL),(1552,'2020-03-23',53,716,29,'DONE.',NULL,'','',NULL),(1553,'2020-05-08',53,718,51,'',NULL,'','',NULL),(1554,'2020-05-08',53,718,29,'This is done.',NULL,'','',NULL),(1555,'2020-05-22',53,719,51,'',NULL,'','',NULL),(1556,'2020-05-26',103,720,51,'',NULL,'','',NULL),(1557,'2020-05-26',53,719,29,'Done.',NULL,'','',NULL),(1558,'2020-05-26',103,720,29,'Done.',NULL,'','',NULL),(1559,'2020-05-27',53,721,51,'',NULL,'','',NULL),(1560,'2020-05-27',53,721,29,'Done.',NULL,'','',NULL),(1561,'2020-06-10',53,722,51,'',NULL,'','',NULL),(1562,'2020-06-16',53,722,29,'This is done',NULL,'','',NULL),(1563,'2020-07-02',103,723,51,'',NULL,'','',NULL),(1564,'2020-07-02',103,723,29,'This is done.',NULL,'','',NULL),(1565,'2020-07-02',103,724,51,'',NULL,'','',NULL),(1566,'2020-07-02',103,724,29,'Done.',NULL,'','',NULL),(1567,'2020-09-08',103,725,51,'',NULL,'','',NULL),(1568,'2020-09-08',103,725,29,'Done.',NULL,'','',NULL),(1569,'2020-09-10',103,726,51,'',NULL,'','',NULL),(1570,'2021-08-26',55,728,33,'',NULL,'','',NULL),(1571,'2021-08-26',55,729,33,'',NULL,'','',NULL),(1572,'2021-08-26',55,730,33,'',NULL,'','',NULL),(1573,'2021-08-26',128,731,33,'',NULL,'','',NULL),(1574,'2021-08-26',125,732,21,'',NULL,'','',NULL),(1575,'2021-09-01',40,733,21,'',NULL,'','',NULL),(1576,'2021-09-01',40,733,21,'',NULL,'','',NULL),(1577,'2021-09-03',44,734,21,'',NULL,'','',NULL),(1578,'2021-09-06',1,1,21,'',NULL,'','',NULL),(1579,'2021-09-06',5,2,21,'',NULL,'','',NULL),(1580,'2021-09-06',1,1,21,'',NULL,'','',NULL),(1581,'2021-09-06',1,1,21,'',NULL,'','',NULL),(1582,'2021-09-06',4,2,33,'',NULL,'','',NULL),(1583,'2021-09-06',5,3,34,'',NULL,'','',NULL),(1584,'2021-09-07',3,4,33,'',NULL,'','',NULL),(1585,'2021-09-07',3,5,33,'',NULL,'','',NULL),(1586,'2021-09-07',2,6,33,'',NULL,'','',NULL),(1587,'2021-09-07',6,7,36,'',NULL,'','',NULL),(1588,'2021-09-08',6,8,21,'',NULL,'','',NULL),(1589,'2021-09-08',2,6,21,'task closed',NULL,'','',NULL),(1590,'2021-09-08',7,9,21,'',NULL,'','',NULL),(1591,'2021-09-08',8,10,21,'',NULL,'','',NULL),(1592,'2021-09-08',8,10,21,'accepted',NULL,'','',NULL),(1593,'2021-09-08',9,11,38,'',NULL,'','',NULL),(1594,'2021-09-08',9,11,21,'task accepted',NULL,'','',NULL),(1595,'2021-09-08',10,12,26,'',NULL,'','',NULL),(1596,'2021-09-08',10,13,21,'',NULL,'','',NULL),(1597,'2021-09-08',10,13,21,'ppc',NULL,'','',NULL),(1598,'2021-09-08',10,13,21,'problem',NULL,'','',NULL),(1599,'2021-09-09',5,3,21,'dsda',NULL,'','',NULL),(1600,'2021-09-09',5,3,21,'asd',NULL,'','',NULL),(1601,'2021-09-09',2,6,21,'added by',NULL,'','',NULL),(1602,'2021-09-09',11,14,21,'',NULL,'','',NULL),(1603,'2021-09-09',11,15,21,'',NULL,'','',NULL),(1604,'2021-09-09',11,16,21,'',NULL,'','',NULL),(1605,'2021-09-09',12,17,33,'',NULL,'','',NULL),(1606,'2021-09-09',12,18,33,'',NULL,'','',NULL),(1607,'2021-09-09',12,17,21,'Task accepted',NULL,'','',NULL),(1608,'2021-09-09',12,17,21,'closed',NULL,'','',NULL),(1609,'2021-09-09',12,19,33,'',NULL,'','',NULL),(1610,'2021-09-09',12,20,21,'',NULL,'','',NULL),(1611,'2021-09-09',9,21,21,'',NULL,'','',NULL),(1612,'2021-09-09',4,22,21,'',NULL,'','',NULL),(1613,'2021-09-13',6,7,21,'',NULL,'','',NULL),(1614,'2021-09-13',6,7,21,'notes added',NULL,'','',NULL),(1615,'2021-09-14',14,23,34,'',NULL,'','',NULL),(1616,'2021-09-14',15,24,33,'',NULL,'','',NULL),(1617,'2021-09-14',15,25,33,'',NULL,'','',NULL),(1618,'2021-09-14',6,26,36,'',NULL,'','',NULL),(1619,'2021-09-15',17,27,34,'',NULL,'','',NULL),(1620,'2021-09-15',4,28,33,'',NULL,'','',NULL),(1621,'2021-09-15',6,26,21,'one',NULL,'','',NULL),(1622,NULL,5,NULL,21,NULL,NULL,'as as',NULL,'2021-09-17'),(1623,NULL,5,NULL,21,NULL,NULL,'as as',NULL,'2021-09-17'),(1624,NULL,5,NULL,21,NULL,NULL,'as as',NULL,'2021-09-17'),(1625,NULL,5,NULL,21,NULL,NULL,'as as',NULL,'2021-09-17'),(1626,NULL,5,NULL,21,NULL,NULL,'as as',NULL,'2021-09-17'),(1627,NULL,5,NULL,21,NULL,NULL,'as as',NULL,'2021-09-17'),(1628,NULL,5,NULL,21,NULL,NULL,'as as',NULL,'2021-09-17'),(1629,NULL,5,NULL,21,NULL,NULL,'as as',NULL,'2021-09-17'),(1630,NULL,5,NULL,21,NULL,NULL,'as as',NULL,'2021-09-17'),(1631,NULL,5,NULL,21,NULL,NULL,'as as',NULL,'2021-09-17'),(1632,NULL,3,NULL,NULL,NULL,NULL,NULL,'as','2021-09-17'),(1633,NULL,3,NULL,NULL,NULL,NULL,NULL,'as as','2021-09-17'),(1634,NULL,3,NULL,33,NULL,NULL,NULL,'as as','2021-09-17'),(1635,NULL,14,NULL,34,NULL,NULL,NULL,'sac sac','2021-09-17'),(1636,NULL,15,NULL,33,NULL,NULL,NULL,'as','2021-09-17'),(1637,NULL,15,NULL,33,NULL,NULL,NULL,'as','2021-09-17'),(1638,NULL,15,NULL,33,NULL,NULL,NULL,'as','2021-09-17'),(1639,NULL,15,NULL,33,NULL,NULL,NULL,'as','2021-09-17'),(1640,NULL,15,NULL,33,NULL,NULL,NULL,'as','2021-09-17'),(1641,NULL,5,NULL,34,NULL,NULL,NULL,'Added by deepika for project','2021-09-17'),(1642,NULL,5,NULL,34,NULL,NULL,NULL,'Added by deepika for project','2021-09-17'),(1643,NULL,5,NULL,34,NULL,NULL,NULL,'Hiiiiii\r\n','2021-09-17'),(1644,NULL,5,NULL,34,NULL,NULL,NULL,'123456789\r\n','2021-09-17'),(1645,NULL,5,NULL,34,NULL,NULL,NULL,'qwer','2021-09-17'),(1646,NULL,5,NULL,34,NULL,NULL,NULL,'qwer','2021-09-17'),(1647,NULL,5,NULL,34,NULL,NULL,NULL,'hello','2021-09-17'),(1648,NULL,5,NULL,34,NULL,NULL,NULL,'hello','2021-09-17'),(1649,NULL,5,NULL,21,NULL,NULL,'Added by admin',NULL,'2021-09-17'),(1650,NULL,3,NULL,21,NULL,NULL,'Added by admin',NULL,'2021-09-20'),(1651,NULL,14,NULL,34,NULL,NULL,NULL,'workorder','2021-09-20'),(1652,NULL,14,NULL,21,NULL,NULL,'work order comp',NULL,'2021-09-20'),(1653,'2021-09-20',16,29,33,'',NULL,NULL,NULL,NULL),(1654,NULL,5,NULL,21,NULL,NULL,'as as',NULL,'2021-09-21'),(1655,NULL,3,NULL,NULL,NULL,NULL,'as',NULL,'2021-09-21'),(1656,NULL,12,NULL,33,NULL,NULL,NULL,'recnum12','2021-09-21'),(1657,NULL,12,NULL,33,NULL,NULL,NULL,'sep21notes','2021-09-21'),(1658,NULL,15,NULL,33,NULL,NULL,NULL,'sep21','2021-09-21'),(1659,NULL,12,NULL,21,NULL,NULL,'any note',NULL,'2021-09-21'),(1660,NULL,14,NULL,21,NULL,NULL,'sep2109',NULL,'2021-09-21'),(1661,NULL,15,NULL,33,NULL,NULL,NULL,'sep2109','2021-09-21'),(1662,NULL,16,NULL,21,NULL,NULL,'sep22nine',NULL,'2021-09-22'),(1663,'2021-09-22',14,30,34,'',NULL,NULL,NULL,NULL),(1664,NULL,12,NULL,33,NULL,NULL,NULL,'note22nine','2021-09-22'),(1665,'2021-09-22',17,31,33,'',NULL,NULL,NULL,NULL),(1666,'2021-09-22',17,32,33,'',NULL,NULL,NULL,NULL),(1667,NULL,17,NULL,21,NULL,NULL,'Notes Hin aer lim',NULL,'2021-09-22'),(1668,NULL,17,NULL,21,NULL,NULL,'note1 hal',NULL,'2021-09-22'),(1669,NULL,17,NULL,33,NULL,NULL,NULL,'sepnine22','2021-09-22'),(1670,NULL,14,NULL,34,NULL,NULL,NULL,'sep22nine','2021-09-22'),(1671,NULL,2,NULL,21,NULL,NULL,'add on sep22nine',NULL,'2021-09-22'),(1672,NULL,2,NULL,33,NULL,NULL,NULL,'add on sep22nine.','2021-09-22'),(1673,NULL,10,NULL,26,NULL,NULL,NULL,'pp on sepnine twentytwo','2021-09-22'),(1674,NULL,10,NULL,26,NULL,NULL,NULL,'notes aero wo','2021-09-22'),(1675,'2021-09-22',18,33,34,'',NULL,NULL,NULL,NULL),(1676,'2021-09-24',19,34,34,'',NULL,NULL,NULL,NULL),(1677,'2021-09-27',21,35,33,'',NULL,NULL,NULL,NULL),(1678,'2021-09-27',20,36,26,'',NULL,NULL,NULL,NULL),(1679,'2021-09-27',21,37,33,'',NULL,NULL,NULL,NULL),(1680,'2021-09-27',21,35,21,'task completed',NULL,NULL,NULL,NULL),(1681,'2021-09-30',22,38,33,'',NULL,NULL,NULL,NULL),(1682,'2021-09-30',22,38,21,'wolanco done',NULL,NULL,NULL,NULL),(1683,'2021-09-30',22,38,21,'.',NULL,NULL,NULL,NULL),(1684,'2021-09-30',23,39,34,'',NULL,NULL,NULL,NULL),(1685,'2021-09-30',23,40,34,'',NULL,NULL,NULL,NULL),(1686,NULL,19,NULL,21,NULL,NULL,'fly emirates',NULL,'2021-09-30'),(1687,'2021-10-01',24,41,36,'',NULL,NULL,NULL,NULL),(1688,'2021-10-01',25,42,33,'',NULL,NULL,NULL,NULL),(1689,NULL,25,NULL,33,NULL,NULL,NULL,'L & T workorder','2021-10-01'),(1690,'2021-10-01',25,43,33,'',NULL,NULL,NULL,NULL),(1691,NULL,3,NULL,21,NULL,NULL,'added on oct1',NULL,'2021-10-01'),(1692,'2021-10-06',26,44,34,'',NULL,NULL,NULL,NULL),(1693,'2021-10-06',26,45,34,'',NULL,NULL,NULL,NULL),(1694,'2021-10-06',27,46,34,'',NULL,NULL,NULL,NULL),(1695,'2021-10-11',20,47,21,'',NULL,NULL,NULL,NULL),(1696,'2021-10-11',3,5,21,'purchasing issue. . .',NULL,NULL,NULL,NULL),(1697,NULL,19,NULL,21,NULL,NULL,'add on',NULL,'2021-10-18');

--
-- Table structure for table `project`
--

CREATE TABLE `project` (
  `recnum` int(11) NOT NULL AUTO_INCREMENT,
  `project` varchar(255) DEFAULT NULL,
  `desc` text,
  `start_date` date DEFAULT NULL,
  `closed_date` date DEFAULT NULL,
  `manager` char(100) DEFAULT NULL,
  `req` varchar(255) DEFAULT NULL,
  `category` char(50) DEFAULT NULL,
  `technology` char(50) DEFAULT NULL,
  `platform` char(50) DEFAULT NULL,
  `link2site` int(11) DEFAULT NULL,
  `released_to` varchar(255) DEFAULT NULL,
  `created_by` varchar(100) NOT NULL,
  `created_date` date NOT NULL,
  `modified_by` varchar(100) NOT NULL,
  `modified_date` date NOT NULL,
  `siteid` varchar(10) NOT NULL,
  `status` varchar(100) DEFAULT NULL,
  `notes` varchar(50) NOT NULL,
  PRIMARY KEY (`recnum`)
) ENGINE=InnoDB AUTO_INCREMENT=28 DEFAULT CHARSET=latin1;

--
-- Dumping data for table `project`
--

INSERT INTO `project` VALUES (2,'work order','work order','2021-09-13','2021-10-14','shantala','','','','',NULL,NULL,'shantala','2021-09-06','bmandyam','2021-10-13','E3456','Closed',''),(3,'PPC','PPC','2021-09-13','0000-00-00','shantala','','','','',NULL,NULL,'shantala','2021-09-06','bmandyam','2021-10-14','E3456','Open',''),(4,'disp','disp','2021-09-13','0000-00-00','shantala','','','','',NULL,NULL,'shantala','2021-09-06','bmandyam','2021-10-18','E3456','Open',''),(5,'Purchasing17','Purchasing17','2021-09-02','2021-10-21','deepika','','','','',NULL,NULL,'deepika','2021-09-06','bmandyam','2021-10-13','E3456','Closed',''),(6,'Cofc','Cofc','2021-08-26','2021-10-13','rudresh','','','','',NULL,NULL,'rudresh','2021-09-07','bmandyam','2021-10-13','E3456','Closed',''),(9,'sep','sep','2021-09-08','0000-00-00','vpd','','','','',NULL,NULL,'vpd','2021-09-08','bmandyam','2021-10-18','E3456','Open',''),(10,'poprakash','poprakash','2021-09-08','0000-00-00','prakash','','','','',NULL,NULL,'Prakash','2021-09-08','bmandyam','2021-09-22','A34','open',''),(12,'P Shantala','P Shantala','2021-09-08','0000-00-00','shantala','','','','',NULL,NULL,'shantala','2021-09-09','bmandyam','2021-10-18','E3456','Open',''),(14,'disp55','dispat55','2021-09-01','0000-00-00','deepika','','','','',NULL,NULL,'deepika','2021-09-14','','0000-00-00','E3456','Open',''),(15,'procim','procim','2021-09-02','2021-09-24','shantala','','','','',NULL,NULL,'shantala','2021-09-14','bmandyam','2021-10-18','E3456','Closed',''),(16,'master','descripmast','2021-09-14','2021-09-21','shantala','','','','',NULL,NULL,'shantala','2021-09-15','bmandyam','2021-09-30','E3456','Closed',''),(17,'Hal ind','hal blore','2021-08-11','0000-00-00','shantala','','','','',NULL,NULL,'shantala','2021-09-22','bmandyam','2021-09-22','E3456','Open',''),(18,'Boeing17','mach tool','2021-09-23','2021-09-24','deepika','','','','',NULL,NULL,'deepika','2021-09-22','bmandyam','2021-09-22','E3456','Closed',''),(19,'Emirates','fly emirate','2021-08-05','0000-00-00','deepika','','','','',NULL,NULL,'deepika','2021-09-24','bmandyam','2021-10-14','E3456','Open',''),(20,'Airways','desc air','2021-08-16','0000-00-00','prakash','','','','',NULL,NULL,'prakash','2021-09-24','','0000-00-00','A34','Open',''),(21,'Equip','desc equipq1','2021-07-15','0000-00-00','shantala','','','','',NULL,NULL,'shantala','2021-09-27','','0000-00-00','E3456','Open',''),(22,'wo-lanco','desc lco','2021-08-16','2021-08-19','shantala','','','','',NULL,NULL,'shantala','2021-09-30','bmandyam','2021-09-30','E3456','Closed',''),(23,'workorder','desc woo','2021-09-10','0000-00-00','deepika','','','','',NULL,NULL,'deepika','2021-09-30','','0000-00-00','E3456','Open',''),(24,'Project1','desc proj','2021-09-09','0000-00-00','rudresh','','','','',NULL,NULL,'rudresh','2021-10-01','','0000-00-00','E3456','Open',''),(25,'LarsenTurb','l&t','2021-10-01','0000-00-00','shantala','','','','',NULL,NULL,'shantala','2021-10-01','','0000-00-00','E3456','Open',''),(26,'L&T','desc lt','2021-10-04','0000-00-00','deepika','','','','',NULL,NULL,'deepika','2021-10-06','','0000-00-00','E3456','Open',''),(27,'PPChd1','descvbppc','2021-10-06','0000-00-00','deepika','','','','',NULL,NULL,'deepika','2021-10-06','','0000-00-00','E3456','Open','');

--
-- Table structure for table `seqnum`
--

CREATE TABLE `seqnum` (
  `nxtnum` int(11) DEFAULT NULL,
  `tablename` varchar(50) DEFAULT NULL
) ENGINE=InnoDB DEFAULT CHARSET=latin1;

--
-- Dumping data for table `seqnum`
--

INSERT INTO `seqnum` VALUES (39,'company'),(58,'user'),(11,'employee'),(35,'contact'),(788,'tasks');

--
-- Table structure for table `student`
--

CREATE TABLE `student` (
  `id` int(11) NOT NULL,
  `name` varchar(255) NOT NULL,
  `branch` varchar(255) NOT NULL,
  `section` varchar(255) NOT NULL,
  `college` varchar(255) NOT NULL,
  PRIMARY KEY (`id`)
) ENGINE=MyISAM DEFAULT CHARSET=latin1;

--
-- Dumping data for table `student`
--

INSERT INTO `student` VALUES (0,'as','hb','b','pp');

--
-- Table structure for table `tasks`
--

CREATE TABLE `tasks` (
  `recnum` int(11) NOT NULL AUTO_INCREMENT,
  `task_id` char(50) DEFAULT NULL,
  `task_name` char(50) DEFAULT NULL,
  `category` char(50) DEFAULT NULL,
  `desc` text,
  `status` char(50) DEFAULT NULL,
  `link2project` int(11) DEFAULT NULL,
  `created_by` varchar(100) NOT NULL,
  `created_date` date NOT NULL,
  `modified_by` varchar(100) NOT NULL,
  `modified_date` date NOT NULL,
  `priority` varchar(10) NOT NULL,
  `start_date` date NOT NULL,
  `finish_date` date NOT NULL,
  `duration` varchar(10) NOT NULL,
  `task_type` varchar(25) DEFAULT NULL,
  `task_owner` varchar(50) DEFAULT NULL,
  `open_date` date NOT NULL,
  `accepted_date` date NOT NULL,
  PRIMARY KEY (`recnum`)
) ENGINE=InnoDB AUTO_INCREMENT=48 DEFAULT CHARSET=latin1;

--
-- Dumping data for table `tasks`
--

INSERT INTO `tasks` VALUES (2,'743','wo','wo','desc','Created',4,'shantala','2021-09-01','bmandyam','2021-09-15','Low','2021-09-01','0000-00-00','','Issue','gvk','0000-00-00','0000-00-00'),(3,'744','Wo ppkit','Purchasing','desckit','Closed',5,'deepika','2021-09-06','bmandyam','2021-10-13','Low','2021-09-06','2021-10-21','','Issue','venkat','0000-00-00','2021-09-07'),(4,'745','ppc01','PPC','ppc wo ','Closed',3,'shantala','2021-09-14','bmandyam','2021-10-19','Low','2021-09-14','2021-09-28','','Issue','venkat','0000-00-00','2021-09-16'),(5,'746','purchasing','purchasing','descpurch','Accepted',3,'shantala','2021-09-14','bmandyam','2021-09-16','Low','2021-09-14','0000-00-00','','Issue','abhi','0000-00-00','2021-09-28'),(6,'747','woo','purchasing','descwonum','Closed',2,'shantala','2021-09-13','bmandyam','2021-10-13','Low','2021-09-13','2021-10-14','','Issue','shantala','0000-00-00','0000-00-00'),(7,'748','cofc','Stores','desccofc','Closed',6,'rudresh','2021-09-07','bmandyam','2021-09-13','Low','2021-09-07','2021-09-28','','Issue','manju','0000-00-00','2021-09-08'),(8,'749','wo','wo','wo desc wo','Closed',6,'bmandyam','2021-09-08','bmandyam','2021-09-09','Low','2021-09-08','2021-09-09','','Issue','ram','0000-00-00','2021-09-08'),(11,'752','wo close','wo close','5487 wo close','Created',9,'vpd','2021-09-08','bmandyam','2021-09-14','Low','2021-09-08','0000-00-00','','Issue','manju','0000-00-00','0000-00-00'),(12,'753','po 778','po 778','descpopo','Accepted',10,'Prakash','2021-09-08','bmandyam','2021-09-28','Low','2021-09-08','2021-09-29','','Issue','manju','0000-00-00','2021-09-10'),(13,'754','PPC','PPC','ppc','Accepted',10,'bmandyam','2021-09-08','bmandyam','2021-09-28','Low','2021-09-08','2021-09-29','','Issue','venkat','0000-00-00','2021-09-10'),(17,'758','purchasing','purchasing','purchasing','Closed',12,'shantala','2021-09-09','bmandyam','2021-09-09','Low','2021-09-09','2021-09-09','','Issue','manju','0000-00-00','2021-09-09'),(18,'759','PPC','PPC','ppc','Closed',12,'shantala','2021-09-09','bmandyam','2021-09-09','Low','2021-09-09','2021-09-30','','Issue','abhi','0000-00-00','2021-09-13'),(19,'760','COC','stores','qa','Created',12,'shantala','2021-09-09','bmandyam','2021-09-13','Low','2021-09-09','0000-00-00','','Issue','sva','0000-00-00','0000-00-00'),(20,'761','ts1','Work Order','desc','Created',12,'bmandyam','2021-09-09','','0000-00-00','Low','2021-09-09','0000-00-00','','Issue','','0000-00-00','0000-00-00'),(21,'762','tn01','ppc','desctn','Created',9,'bmandyam','2021-09-09','bmandyam','2021-09-09','Low','2021-09-09','0000-00-00','','Issue','gvk','0000-00-00','0000-00-00'),(22,'763','wnum','PPC','desc','Created',4,'bmandyam','2021-09-09','','0000-00-00','Low','2021-09-09','0000-00-00','','Issue','','0000-00-00','0000-00-00'),(23,'764','dispat05','BOM','dispbom05','Created',14,'deepika','2021-09-14','','0000-00-00','Low','2021-09-14','0000-00-00','','Issue','','0000-00-00','0000-00-00'),(24,'765','wocim','Work Order','wodesccmim','Closed',15,'shantala','2021-09-14','bmandyam','2021-09-22','Low','2021-09-14','2021-09-24','','Issue','manju','0000-00-00','2021-09-16'),(25,'766','aero','Boeing','aero','Closed',15,'shantala','2021-09-14','bmandyam','2021-10-18','Low','2021-09-14','2021-09-24','','Issue','manju','0000-00-00','2021-09-15'),(26,'767','boi','Equip','tasboicre','Closed',6,'rudresh','2021-09-14','bmandyam','2021-10-13','Low','2021-08-27','2021-10-13','','Issue','abhi','0000-00-00','0000-00-00'),(28,'769','Cofcnum','Work Order','desccofc','Created',4,'shantala','2021-09-15','','0000-00-00','Low','2021-09-15','0000-00-00','','Issue','','0000-00-00','0000-00-00'),(29,'770','mastero','Work Order','work order rm','Closed',16,'shantala','2021-09-20','bmandyam','2021-09-20','Low','2021-09-20','2021-09-21','','Issue','venkat','0000-00-00','2021-09-20'),(30,'771','aero','Sales','aerosale','Created',14,'deepika','2021-09-22','','0000-00-00','Low','2021-09-22','0000-00-00','','Issue','','0000-00-00','0000-00-00'),(31,'772','Hal','Work Order','hal task blore','Accepted',17,'shantala','2021-08-11','bmandyam','2021-09-22','Low','2021-08-11','0000-00-00','','Issue','Abhi','0000-00-00','2021-09-10'),(32,'773','Boeing','Work Order','desc boeing','Created',17,'shantala','2021-09-22','','0000-00-00','Low','2021-08-18','0000-00-00','','Issue','','0000-00-00','0000-00-00'),(33,'774','b17','Boeing','task boeing17','Closed',18,'deepika','2021-09-23','bmandyam','2021-09-22','Low','2021-09-23','2021-09-24','','Issue','manju','0000-00-00','2021-09-24'),(34,'775','bom','BOM','desc bom','Created',19,'deepika','2021-08-13','','0000-00-00','Low','2021-08-13','0000-00-00','','Issue','','0000-00-00','0000-00-00'),(35,'776','equipnew1','Equip','desc equip new','Closed',21,'shantala','2021-08-18','bmandyam','2021-09-27','Low','2021-07-18','2021-07-26','','Issue','manju','0000-00-00','2021-07-20'),(36,'777','task test','Work Order','desc test','Created',20,'prakash','2021-09-27','','0000-00-00','Low','2021-08-18','0000-00-00','','Issue','','0000-00-00','0000-00-00'),(37,'778','wo workorder','Work Order','desc worder','Created',21,'shantala','2021-08-23','','0000-00-00','Low','2021-07-23','0000-00-00','','Issue','','0000-00-00','0000-00-00'),(38,'779','worklan','Work Order','desc lanco wo','Closed',22,'shantala','2021-08-16','bmandyam','2021-09-30','Low','2021-08-16','2021-08-19','','Issue','venkat','0000-00-00','2021-08-17'),(39,'780','workd1','PPC','descv','Closed',23,'deepika','2021-09-13','bmandyam','2021-09-30','Low','2021-09-13','2021-09-15','','Issue','venkat','0000-00-00','2021-09-14'),(40,'781','rm wo','Purchasing','desc desc','Created',23,'deepika','2021-09-14','','0000-00-00','Low','2021-09-14','0000-00-00','','Issue','','0000-00-00','0000-00-00'),(41,'782','Boeing1','Boeing','desc proj boeing1','Created',24,'rudresh','2021-09-09','','0000-00-00','Low','2021-09-09','0000-00-00','','Issue','','0000-00-00','2021-09-10'),(42,'783','purchasing','Purchasing','desc L&t','Closed',25,'shantala','2021-10-01','bmandyam','2021-10-01','Low','2021-10-01','2021-10-02','','Issue','venkat','0000-00-00','2021-10-01'),(43,'784','Bomtas1','Please Specify','des des','Created',25,'shantala','2021-10-01','','0000-00-00','Low','2021-10-01','0000-00-00','','Issue','','0000-00-00','0000-00-00'),(44,'785','worder','purchasing','descworder','Closed',26,'deepika','2021-10-04','bmandyam','2021-10-06','Low','2021-10-04','2021-10-06','','Issue','manju','0000-00-00','2021-10-05'),(45,'786','LandT test','work order','descv','Accepted',26,'deepika','2021-10-06','bmandyam','2021-10-06','Low','2021-10-06','0000-00-00','','Issue','venkat','0000-00-00','2021-10-06'),(46,'787','wo01ppc','PPC','descv worder','Created',27,'deepika','2021-10-06','','0000-00-00','Low','2021-10-06','0000-00-00','','Issue','','0000-00-00','0000-00-00'),(47,'788','PPC','PPC','ppc issue','Created',20,'bmandyam','2021-10-11','','0000-00-00','Low','2021-10-11','0000-00-00','','Issue','','0000-00-00','0000-00-00');


